{"id":846,"date":"2022-11-04T16:26:35","date_gmt":"2022-11-04T15:26:35","guid":{"rendered":"https:\/\/stiftung-gewaltfreies-leben.de\/?page_id=846"},"modified":"2022-11-04T16:36:57","modified_gmt":"2022-11-04T15:36:57","slug":"datenschutzerklaerung-2","status":"publish","type":"page","link":"https:\/\/stiftung-gewaltfreies-leben.de\/index.php\/datenschutzerklaerung-2\/","title":{"rendered":"Datenschutzerkl\u00e4rung"},"content":{"rendered":"\t\t<div data-elementor-type=\"wp-page\" data-elementor-id=\"846\" class=\"elementor elementor-846\">\n\t\t\t\t\t\t<section class=\"elementor-section elementor-top-section elementor-element elementor-element-80b9a0f elementor-section-boxed elementor-section-height-default elementor-section-height-default\" data-id=\"80b9a0f\" data-element_type=\"section\">\n\t\t\t\t\t\t<div class=\"elementor-container elementor-column-gap-default\">\n\t\t\t\t\t<div class=\"elementor-column elementor-col-100 elementor-top-column elementor-element elementor-element-34b4e3c\" data-id=\"34b4e3c\" data-element_type=\"column\">\n\t\t\t<div class=\"elementor-widget-wrap elementor-element-populated\">\n\t\t\t\t\t\t<div class=\"elementor-element elementor-element-bb6a8f9 elementor-widget elementor-widget-heading\" data-id=\"bb6a8f9\" data-element_type=\"widget\" data-widget_type=\"heading.default\">\n\t\t\t\t<div class=\"elementor-widget-container\">\n\t\t\t\t\t<h1 class=\"elementor-heading-title elementor-size-default\">Datenschutzerkl\u00e4rung<\/h1>\t\t\t\t<\/div>\n\t\t\t\t<\/div>\n\t\t\t\t<div class=\"elementor-element elementor-element-d4c60dc elementor-widget elementor-widget-text-editor\" data-id=\"d4c60dc\" data-element_type=\"widget\" data-widget_type=\"text-editor.default\">\n\t\t\t\t<div class=\"elementor-widget-container\">\n\t\t\t\t\t\t\t\t\t<p style=\"text-align: left;\">a) Diese Website wird bei einem externen Dienstleister gehostet (Hoster). Personenbezogenen <br \/>Daten, die auf dieser Website erfasst werden, werden auf den Servern des Hosters gespeichert. <br \/>Hierbei kann es sich v. a. um IP-Adressen, Kontaktanfragen, Meta- und Kommunikationsdaten, <br \/>Kontaktdaten, Namen, Webseitenzugriffe und sonstige Daten, die \u00fcber eine Website generiert <br \/>werden, handeln. Der Einsatz des Hosters erfolgt im Interesse einer sicheren, schnellen und <br \/>effizienten Bereitstellung unseres Online-Angebots durch einen professionellen Anbieter (Art. <br \/>6 Abs. 1 lit. f DSGVO). Unser Hoster wird Ihre Daten nur insoweit verarbeiten, wie dies zur <br \/>Erf\u00fcllung seiner Leistungspflichten erforderlich ist.<br \/><br \/>b) Nehmen Sie zu uns Kontakt per Email auf, so werden die darin enthaltenen personenbezogenen Daten, die Sie uns in diesem Fall freiwillig und unter Einbehaltung einer Kopie mitteilen, nur zu dem Zweck verarbeitet, Ihr Anliegen zu erfassen. Eine Weitergabe an Dritte findet nicht statt. An uns geschickte Emails und unsere Antworten l\u00f6schen wir auf Ihre Bitte hin, soweit nicht die Verfolgung unserer eigenen rechtlichen Interesse dem entgegenst\u00fcnde.<br \/><br \/>c) Die verantwortliche Stelle f\u00fcr die Datenverarbeitung auf dieser Website ist:<br \/><br \/>Dr. Andreas Trupp<br \/>Kappenberger Damm 27<br \/>48151 M\u00fcnster<br \/>Telefon: 0251-775742<br \/>E-Mail: <a href=\"mailto:Andreas.Trupp@stiftung-gewaltfreies-leben.de\">Andreas.Trupp@stiftung-gewaltfreies-leben.de<\/a><br \/><br \/>Verantwortliche Stelle ist die nat\u00fcrliche oder juristische Person, die allein oder gemeinsam mit<br \/>anderen \u00fcber die Zwecke und Mittel der Verarbeitung von personenbezogenen Daten (hier: Namen, E-Mail-Adressen ) entscheidet.<br \/><br \/>d) Im Falle von Verst\u00f6\u00dfen gegen die DSGVO steht den Betroffenen ein Beschwerderecht bei einer Aufsichtsbeh\u00f6rde, insbesondere in dem Mitgliedstaat ihres gew\u00f6hnlichen Aufenthalts, ihres Arbeitsplatzes oder des Orts des mutma\u00dflichen Versto\u00dfes zu. Das Beschwerderecht besteht unbeschadet anderweitiger verwaltungsrechtlicher oder gerichtlicher Rechtsbehelfe.<br \/><br \/>e) Die Stiftung Gewaltfreies Leben greift f\u00fcr den hier angebotenen Informationsdienst auf die technische Plattform und die Dienste der Facebook Ireland Ltd., 4 Grand Canal Square Grand Canal Harbour, Dublin 2, Ireland zur\u00fcck.<br \/><br \/><a name=\"pdfjs_internal_id_15R\"><\/a><a name=\"pdfjs_internal_id_14R\"><\/a> Wir weisen Sie darauf hin, dass Sie diese Webseite und unsere Facebook-Seite und ihre Funktionen in eigener Verantwortung nutzen. Dies gilt insbesondere f\u00fcr die Nutzung der interaktiven Funktionen (z.B. Kommentieren, Teilen, Bewerten).<br \/><br \/>Beim Besuch unserer Facebook-Seite erfasst Facebook u.a Ihre IP-Adresse sowie weitere Informationen, die in Form von Cookies auf Ihrem PC vorhanden sind. Diese Informationen werden verwendet, um uns als Betreiber der Facebook-Seiten statistische Informationen \u00fcber die Inanspruchnahme der Facebook-Seite zur Verf\u00fcgung zu stellen.<br \/><br \/>N\u00e4here Informationen hierzu stellt Facebook unter folgendem Link zur Verf\u00fcgung:<br \/><a href=\"http:\/\/de-de.facebook.com\/help\/pages\/insights\">http:\/\/de-de.facebook.com\/help\/pages\/insights<\/a><br \/><br \/>Die in diesem Zusammenhang \u00fcber Sie erhobenen Daten werden von der Facebook Ltd. verarbeitet und dabei gegebenenfalls in L\u00e4nder au\u00dferhalb der Europ\u00e4ischen Union \u00fcbertragen. Welche Informationen Facebook erh\u00e4lt und wie diese verwendet werden, beschreibt Facebook in allgemeiner Form in seinen Datenverwendungsrichtlinien. Dort finden Sie auch Informationen \u00fcber Kontaktm\u00f6glichkeiten zu Facebook sowie zu den Einstellm\u00f6glichkeiten f\u00fcr Werbeanzeigen.<br \/><br \/>Die Datenverwendungsrichtlinien sind unter folgendem Link verf\u00fcgbar:<br \/><a href=\"https:\/\/de-de.facebook.com\/about\/privacy\">https:\/\/de-de.facebook.com\/about\/privacy<\/a><br \/><br \/>Die vollst\u00e4ndigen Datenrichtlinien von Facebook finden Sie hier:<br \/><a href=\"https:\/\/de-de.facebook.com\/full_data_use_policy\">https:\/\/de-de.facebook.com\/full_data_use_policy<\/a><br \/><br \/>In welcher Weise Facebook die Daten aus dem Besuch von Facebook-Seiten f\u00fcr eigene<br \/>Zwecke verwendet, in welchem Umfang Aktivit\u00e4ten auf der Facebook-Seite einzelnen<br \/>Nutzern zugeordnet werden, wie lange Facebook diese Daten speichert und ob Daten aus<br \/>einem Besuch der Facebook-Seite an Dritte weitergegeben werden, wird von Facebook<br \/>nicht abschlie\u00dfend und klar benannt und ist uns nicht bekannt.<br \/><br \/>Beim Zugriff auf eine Facebook-Seite wird die Ihrem Endger\u00e4te zugeteilte IP-Adresse an<br \/>Facebook \u00fcbermittelt. Nach Auskunft von Facebook wird diese IP-Adresse anonymisiert<br \/>(bei &#8222;deutschen&#8220; IP-Adressen). Facebook speichert dar\u00fcber hinaus Informationen \u00fcber die<br \/>Endger\u00e4te seiner Nutzer (z.B. im Rahmen der Funktion \u201eAnmeldebenachrichtigung\u201c);<br \/>gegebenenfalls ist Facebook damit eine Zuordnung von IP-Adressen zu einzelnen Nutzern<br \/>m\u00f6glich.<br \/><br \/>Wenn Sie als Nutzerin oder Nutzer aktuell bei Facebook angemeldet sind, befindet sich auf Ihrem Endger\u00e4t ein Cookie mit Ihrer Facebook-Kennung. Dadurch ist Facebook in der Lage nachzuvollziehen, dass Sie diese Seite aufgesucht und wie Sie sie genutzt haben.<br \/>Dies gilt auch f\u00fcr alle anderen Facebook-Seiten. \u00dcber in Webseiten eingebundene Facebook-Buttons ist es Facebook m\u00f6glich, Ihre Besuche auf diesen Webseiten Seiten zu erfassen und Ihrem Facebook-Profil zuzuordnen. Anhand dieser Daten k\u00f6nnen Inhalte oder Werbung auf Sie zugeschnitten angeboten werden.<br \/><br \/>Wenn Sie dies vermeiden m\u00f6chten, sollten Sie sich bei Facebook abmelden bzw. die Funktion &#8222;angemeldet bleiben&#8220; deaktivieren, die auf Ihrem Ger\u00e4t vorhandenen Cookies l\u00f6schen und Ihren Browser beenden und neu starten. Auf diese Weise werden Facebook-Informationen, \u00fcber die Sie unmittelbar identifiziert werden k\u00f6nnen, gel\u00f6scht. Damit k\u00f6nnen Sie unsere Facebook-Seite nutzen, ohne dass Ihre Facebook-Kennung offenbart wird. Wenn Sie auf interaktive Funktionen der Seite zugreifen (Gef\u00e4llt mir, Kommentieren, Teilen, Nachrichten etc.), erscheint eine Facebook-Anmeldemaske. Nach einer etwaigen Anmeldung sind Sie f\u00fcr Facebook erneut als bestimmte\/r Nutzerin\/Nutzer erkennbar.<\/p><p style=\"text-align: left;\">Informationen dazu, wie Sie \u00fcber Sie vorhandene Informationen verwalten oder l\u00f6schen<br \/>k\u00f6nnen, finden Sie auf folgenden Facebook Support-Seiten:<br \/><a href=\"https:\/\/de-de.facebook.com\/about\/privacy#\">https:\/\/de-de.facebook.com\/about\/privacy#<\/a><br \/><br \/><br \/><\/p>\t\t\t\t\t\t\t\t<\/div>\n\t\t\t\t<\/div>\n\t\t\t\t\t<\/div>\n\t\t<\/div>\n\t\t\t\t\t<\/div>\n\t\t<\/section>\n\t\t\t\t<\/div>\n\t\t","protected":false},"excerpt":{"rendered":"<p>Datenschutzerkl\u00e4rung a) Diese Website wird bei einem externen Dienstleister gehostet (Hoster). Personenbezogenen Daten, die auf dieser Website erfasst werden, werden auf den Servern des Hosters gespeichert. Hierbei kann es sich v. a. um IP-Adressen, Kontaktanfragen, Meta- und Kommunikationsdaten, Kontaktdaten, Namen, Webseitenzugriffe und sonstige Daten, die \u00fcber eine Website generiert werden, handeln. Der Einsatz des Hosters &hellip;<\/p>\n","protected":false},"author":1,"featured_media":0,"parent":0,"menu_order":0,"comment_status":"closed","ping_status":"closed","template":"","meta":{"footnotes":""},"aioseo_notices":[],"_links":{"self":[{"href":"https:\/\/stiftung-gewaltfreies-leben.de\/index.php\/wp-json\/wp\/v2\/pages\/846"}],"collection":[{"href":"https:\/\/stiftung-gewaltfreies-leben.de\/index.php\/wp-json\/wp\/v2\/pages"}],"about":[{"href":"https:\/\/stiftung-gewaltfreies-leben.de\/index.php\/wp-json\/wp\/v2\/types\/page"}],"author":[{"embeddable":true,"href":"https:\/\/stiftung-gewaltfreies-leben.de\/index.php\/wp-json\/wp\/v2\/users\/1"}],"replies":[{"embeddable":true,"href":"https:\/\/stiftung-gewaltfreies-leben.de\/index.php\/wp-json\/wp\/v2\/comments?post=846"}],"version-history":[{"count":5,"href":"https:\/\/stiftung-gewaltfreies-leben.de\/index.php\/wp-json\/wp\/v2\/pages\/846\/revisions"}],"predecessor-version":[{"id":851,"href":"https:\/\/stiftung-gewaltfreies-leben.de\/index.php\/wp-json\/wp\/v2\/pages\/846\/revisions\/851"}],"wp:attachment":[{"href":"https:\/\/stiftung-gewaltfreies-leben.de\/index.php\/wp-json\/wp\/v2\/media?parent=846"}],"curies":[{"name":"wp","href":"https:\/\/api.w.org\/{rel}","templated":true}]}}

Datenschutzerklärung

<div data-elementor-type="wp-page" data-elementor-id="846" class="elementor elementor-846">
						<section class="elementor-section elementor-top-section elementor-element elementor-element-80b9a0f elementor-section-boxed elementor-section-height-default elementor-section-height-default" data-id="80b9a0f" data-element_type="section">
						<div class="elementor-container elementor-column-gap-default">
					<div class="elementor-column elementor-col-100 elementor-top-column elementor-element elementor-element-34b4e3c" data-id="34b4e3c" data-element_type="column">
			<div class="elementor-widget-wrap elementor-element-populated">
						<div class="elementor-element elementor-element-bb6a8f9 elementor-widget elementor-widget-heading" data-id="bb6a8f9" data-element_type="widget" data-widget_type="heading.default">
				<div class="elementor-widget-container">
					<h1 class="elementor-heading-title elementor-size-default">Datenschutzerklärung</h1>				</div>
				</div>
				<div class="elementor-element elementor-element-d4c60dc elementor-widget elementor-widget-text-editor" data-id="d4c60dc" data-element_type="widget" data-widget_type="text-editor.default">
				<div class="elementor-widget-container">
									<p style="text-align: left;">a) Diese Website wird bei einem externen Dienstleister gehostet (Hoster). Personenbezogenen <br />Daten, die auf dieser Website erfasst werden, werden auf den Servern des Hosters gespeichert. <br />Hierbei kann es sich v. a. um IP-Adressen, Kontaktanfragen, Meta- und Kommunikationsdaten, <br />Kontaktdaten, Namen, Webseitenzugriffe und sonstige Daten, die über eine Website generiert <br />werden, handeln. Der Einsatz des Hosters erfolgt im Interesse einer sicheren, schnellen und <br />effizienten Bereitstellung unseres Online-Angebots durch einen professionellen Anbieter (Art. <br />6 Abs. 1 lit. f DSGVO). Unser Hoster wird Ihre Daten nur insoweit verarbeiten, wie dies zur <br />Erfüllung seiner Leistungspflichten erforderlich ist.<br /><br />b) Nehmen Sie zu uns Kontakt per Email auf, so werden die darin enthaltenen personenbezogenen Daten, die Sie uns in diesem Fall freiwillig und unter Einbehaltung einer Kopie mitteilen, nur zu dem Zweck verarbeitet, Ihr Anliegen zu erfassen. Eine Weitergabe an Dritte findet nicht statt. An uns geschickte Emails und unsere Antworten löschen wir auf Ihre Bitte hin, soweit nicht die Verfolgung unserer eigenen rechtlichen Interesse dem entgegenstünde.<br /><br />c) Die verantwortliche Stelle für die Datenverarbeitung auf dieser Website ist:<br /><br />Dr. Andreas Trupp<br />Kappenberger Damm 27<br />48151 Münster<br />Telefon: 0251-775742<br />E-Mail: <a href="mailto:Andreas.Trupp@stiftung-gewaltfreies-leben.de">Andreas.Trupp@stiftung-gewaltfreies-leben.de</a><br /><br />Verantwortliche Stelle ist die natürliche oder juristische Person, die allein oder gemeinsam mit<br />anderen über die Zwecke und Mittel der Verarbeitung von personenbezogenen Daten (hier: Namen, E-Mail-Adressen ) entscheidet.<br /><br />d) Im Falle von Verstößen gegen die DSGVO steht den Betroffenen ein Beschwerderecht bei einer Aufsichtsbehörde, insbesondere in dem Mitgliedstaat ihres gewöhnlichen Aufenthalts, ihres Arbeitsplatzes oder des Orts des mutmaßlichen Verstoßes zu. Das Beschwerderecht besteht unbeschadet anderweitiger verwaltungsrechtlicher oder gerichtlicher Rechtsbehelfe.<br /><br />e) Die Stiftung Gewaltfreies Leben greift für den hier angebotenen Informationsdienst auf die technische Plattform und die Dienste der Facebook Ireland Ltd., 4 Grand Canal Square Grand Canal Harbour, Dublin 2, Ireland zurück.<br /><br /><a name="pdfjs_internal_id_15R"></a><a name="pdfjs_internal_id_14R"></a> Wir weisen Sie darauf hin, dass Sie diese Webseite und unsere Facebook-Seite und ihre Funktionen in eigener Verantwortung nutzen. Dies gilt insbesondere für die Nutzung der interaktiven Funktionen (z.B. Kommentieren, Teilen, Bewerten).<br /><br />Beim Besuch unserer Facebook-Seite erfasst Facebook u.a Ihre IP-Adresse sowie weitere Informationen, die in Form von Cookies auf Ihrem PC vorhanden sind. Diese Informationen werden verwendet, um uns als Betreiber der Facebook-Seiten statistische Informationen über die Inanspruchnahme der Facebook-Seite zur Verfügung zu stellen.<br /><br />Nähere Informationen hierzu stellt Facebook unter folgendem Link zur Verfügung:<br /><a href="http://de-de.facebook.com/help/pages/insights">http://de-de.facebook.com/help/pages/insights</a><br /><br />Die in diesem Zusammenhang über Sie erhobenen Daten werden von der Facebook Ltd. verarbeitet und dabei gegebenenfalls in Länder außerhalb der Europäischen Union übertragen. Welche Informationen Facebook erhält und wie diese verwendet werden, beschreibt Facebook in allgemeiner Form in seinen Datenverwendungsrichtlinien. Dort finden Sie auch Informationen über Kontaktmöglichkeiten zu Facebook sowie zu den Einstellmöglichkeiten für Werbeanzeigen.<br /><br />Die Datenverwendungsrichtlinien sind unter folgendem Link verfügbar:<br /><a href="https://de-de.facebook.com/about/privacy">https://de-de.facebook.com/about/privacy</a><br /><br />Die vollständigen Datenrichtlinien von Facebook finden Sie hier:<br /><a href="https://de-de.facebook.com/full_data_use_policy">https://de-de.facebook.com/full_data_use_policy</a><br /><br />In welcher Weise Facebook die Daten aus dem Besuch von Facebook-Seiten für eigene<br />Zwecke verwendet, in welchem Umfang Aktivitäten auf der Facebook-Seite einzelnen<br />Nutzern zugeordnet werden, wie lange Facebook diese Daten speichert und ob Daten aus<br />einem Besuch der Facebook-Seite an Dritte weitergegeben werden, wird von Facebook<br />nicht abschließend und klar benannt und ist uns nicht bekannt.<br /><br />Beim Zugriff auf eine Facebook-Seite wird die Ihrem Endgeräte zugeteilte IP-Adresse an<br />Facebook übermittelt. Nach Auskunft von Facebook wird diese IP-Adresse anonymisiert<br />(bei &#8222;deutschen&#8220; IP-Adressen). Facebook speichert darüber hinaus Informationen über die<br />Endgeräte seiner Nutzer (z.B. im Rahmen der Funktion „Anmeldebenachrichtigung“);<br />gegebenenfalls ist Facebook damit eine Zuordnung von IP-Adressen zu einzelnen Nutzern<br />möglich.<br /><br />Wenn Sie als Nutzerin oder Nutzer aktuell bei Facebook angemeldet sind, befindet sich auf Ihrem Endgerät ein Cookie mit Ihrer Facebook-Kennung. Dadurch ist Facebook in der Lage nachzuvollziehen, dass Sie diese Seite aufgesucht und wie Sie sie genutzt haben.<br />Dies gilt auch für alle anderen Facebook-Seiten. Über in Webseiten eingebundene Facebook-Buttons ist es Facebook möglich, Ihre Besuche auf diesen Webseiten Seiten zu erfassen und Ihrem Facebook-Profil zuzuordnen. Anhand dieser Daten können Inhalte oder Werbung auf Sie zugeschnitten angeboten werden.<br /><br />Wenn Sie dies vermeiden möchten, sollten Sie sich bei Facebook abmelden bzw. die Funktion &#8222;angemeldet bleiben&#8220; deaktivieren, die auf Ihrem Gerät vorhandenen Cookies löschen und Ihren Browser beenden und neu starten. Auf diese Weise werden Facebook-Informationen, über die Sie unmittelbar identifiziert werden können, gelöscht. Damit können Sie unsere Facebook-Seite nutzen, ohne dass Ihre Facebook-Kennung offenbart wird. Wenn Sie auf interaktive Funktionen der Seite zugreifen (Gefällt mir, Kommentieren, Teilen, Nachrichten etc.), erscheint eine Facebook-Anmeldemaske. Nach einer etwaigen Anmeldung sind Sie für Facebook erneut als bestimmte/r Nutzerin/Nutzer erkennbar.</p><p style="text-align: left;">Informationen dazu, wie Sie über Sie vorhandene Informationen verwalten oder löschen<br />können, finden Sie auf folgenden Facebook Support-Seiten:<br /><a href="https://de-de.facebook.com/about/privacy#">https://de-de.facebook.com/about/privacy#</a><br /><br /><br /></p>								</div>
				</div>
					</div>
		</div>
					</div>
		</section>
				</div>

<p>Datenschutzerklärung a) Diese Website wird bei einem externen Dienstleister gehostet (Hoster). Personenbezogenen Daten, die auf dieser Website erfasst werden, werden auf den Servern des Hosters gespeichert. Hierbei kann es sich v. a. um IP-Adressen, Kontaktanfragen, Meta- und Kommunikationsdaten, Kontaktdaten, Namen, Webseitenzugriffe und sonstige Daten, die über eine Website generiert werden, handeln. Der Einsatz des Hosters &hellip;</p>
