{"id":1522,"date":"2025-09-01T11:51:18","date_gmt":"2025-09-01T09:51:18","guid":{"rendered":"https:\/\/stiftung-gewaltfreies-leben.de\/?page_id=1522"},"modified":"2025-09-27T11:55:26","modified_gmt":"2025-09-27T09:55:26","slug":"antikriegstag-1-september-2025","status":"publish","type":"page","link":"https:\/\/stiftung-gewaltfreies-leben.de\/index.php\/blog-marisa\/antikriegstag-1-september-2025\/","title":{"rendered":"Antikriegstag &#8211; 1. September 2025"},"content":{"rendered":"\t\t<div data-elementor-type=\"wp-page\" data-elementor-id=\"1522\" class=\"elementor elementor-1522\">\n\t\t\t\t\t\t<section class=\"elementor-section elementor-top-section elementor-element elementor-element-da27426 elementor-section-boxed elementor-section-height-default elementor-section-height-default\" data-id=\"da27426\" data-element_type=\"section\">\n\t\t\t\t\t\t<div class=\"elementor-container elementor-column-gap-default\">\n\t\t\t\t\t<div class=\"elementor-column elementor-col-100 elementor-top-column elementor-element elementor-element-3aaeca3\" data-id=\"3aaeca3\" data-element_type=\"column\">\n\t\t\t<div class=\"elementor-widget-wrap elementor-element-populated\">\n\t\t\t\t\t\t<div class=\"elementor-element elementor-element-0057199 elementor-invisible elementor-widget elementor-widget-text-editor\" data-id=\"0057199\" data-element_type=\"widget\" data-settings=\"{&quot;_animation&quot;:&quot;zoomInRight&quot;}\" data-widget_type=\"text-editor.default\">\n\t\t\t\t<div class=\"elementor-widget-container\">\n\t\t\t\t\t\t\t\t\t<div dir=\"auto\">Wie jedes Jahr m\u00f6chte ich heute an den Antikriegstag am 01. September hinweisen und dazu ermutigen heute eine Demonstration oder Kundgebung dazu zu besuchen. Derzeit befindet sich die Welt mal wieder im Ausnahmezustand, ob im Sudan, in Gaza, im Kongo, Jemen, Syrien, der Ukraine oder an all den anderen Orten, an denen Mensch aufgrund der Interessen herrschender Kreise sterben. Und auch hier mitten in Deutschland nimmt der Militarisierungskurs freien Lauf. Immer mehr wird gestrichen, um mehr Geld f\u00fcr Aufr\u00fcstung zur Verf\u00fcgung zu stellen. Dadurch droht ein sozialer Kahlschlag und eine gef\u00e4hrliche Situation f\u00fcr die Abgeh\u00e4ngtesten unserer Gesellschaft. Zudem ist Deutschland indirekt oder direkt an grausamen Kriegen im Ausland beteiligt und m\u00f6chte uns die milit\u00e4rische Grausamkeit als notwendig verkaufen.<\/div><div dir=\"auto\">In den heutigen Kriegen sterben Menschen nicht f\u00fcr eine heroische Sache, sondern f\u00fcr die Interessen jener, die nichts gutes mit ihnen im Sinn haben. Es werden Feindbilder geschaffen und Hass verbreitet, um davon abzulenken, dass der russische oder chinesische Arbeiter etc. uns n\u00e4her steht als unsere eigenen elit\u00e4ren Kreise, die von uns einen zu hohen Preis verlangen.<\/div><div dir=\"auto\">Wenn wir die Interessen der Bev\u00f6lkerung sch\u00fctzen wollen m\u00fcssen wir f\u00fcr ein besseres System k\u00e4mpfen und uns klar gegen Militarismus von Staaten und Eliten, die nichts gutes mit uns im Sinn haben, stellen.<\/div>\t\t\t\t\t\t\t\t<\/div>\n\t\t\t\t<\/div>\n\t\t\t\t\t<\/div>\n\t\t<\/div>\n\t\t\t\t\t<\/div>\n\t\t<\/section>\n\t\t\t\t<section class=\"elementor-section elementor-top-section elementor-element elementor-element-3370c36 elementor-section-boxed elementor-section-height-default elementor-section-height-default\" data-id=\"3370c36\" data-element_type=\"section\">\n\t\t\t\t\t\t<div class=\"elementor-container elementor-column-gap-default\">\n\t\t\t\t\t<div class=\"elementor-column elementor-col-100 elementor-top-column elementor-element elementor-element-6de3491\" data-id=\"6de3491\" data-element_type=\"column\">\n\t\t\t<div class=\"elementor-widget-wrap elementor-element-populated\">\n\t\t\t\t\t\t<div class=\"elementor-element elementor-element-8a50f11 elementor-widget elementor-widget-text-editor\" data-id=\"8a50f11\" data-element_type=\"widget\" data-widget_type=\"text-editor.default\">\n\t\t\t\t<div class=\"elementor-widget-container\">\n\t\t\t\t\t\t\t\t\t<p style=\"text-align: right;\">Datum: 01. September 2025<\/p>\t\t\t\t\t\t\t\t<\/div>\n\t\t\t\t<\/div>\n\t\t\t\t<div class=\"elementor-element elementor-element-2012d45 e-grid-align-left elementor-grid-1 elementor-shape-rounded elementor-invisible elementor-widget elementor-widget-social-icons\" data-id=\"2012d45\" data-element_type=\"widget\" data-settings=\"{&quot;_animation&quot;:&quot;zoomInUp&quot;}\" data-widget_type=\"social-icons.default\">\n\t\t\t\t<div class=\"elementor-widget-container\">\n\t\t\t\t\t\t\t<div class=\"elementor-social-icons-wrapper elementor-grid\">\n\t\t\t\t\t\t\t<span class=\"elementor-grid-item\">\n\t\t\t\t\t<a class=\"elementor-icon elementor-social-icon elementor-social-icon-facebook elementor-animation-pop elementor-repeater-item-9a7555e\" href=\"https:\/\/www.facebook.com\/profile.php?id=100087309576070\" target=\"_blank\">\n\t\t\t\t\t\t<span class=\"elementor-screen-only\">Facebook<\/span>\n\t\t\t\t\t\t<i class=\"fab fa-facebook\"><\/i>\t\t\t\t\t<\/a>\n\t\t\t\t<\/span>\n\t\t\t\t\t<\/div>\n\t\t\t\t\t\t<\/div>\n\t\t\t\t<\/div>\n\t\t\t\t<div class=\"elementor-element elementor-element-5b291f2 elementor-invisible elementor-widget elementor-widget-html\" data-id=\"5b291f2\" data-element_type=\"widget\" data-settings=\"{&quot;_animation&quot;:&quot;zoomInUp&quot;}\" data-widget_type=\"html.default\">\n\t\t\t\t<div class=\"elementor-widget-container\">\n\t\t\t\t\t<div id=\"fb-root\"><\/div>\n<script async defer crossorigin=\"anonymous\" src=\"https:\/\/connect.facebook.net\/de_DE\/sdk.js#xfbml=1&version=v15.0&appId=1303074663797403&autoLogAppEvents=1\" nonce=\"DHhOO0Bo\"><\/script>\n<div class=\"fb-post\" data-href=\"https:\/\/www.facebook.com\/permalink.php?story_fbid=pfbid0KPoh8C2s5ZvaSxFzoyQw2CRvZAQeeK8KVDJPB6HvocMVHroTtmiFwYKWHQJpxCA8l&amp;id=100087309576070\" data-width=\"750\" data-show-text=\"true\"><blockquote cite=\"https:\/\/www.facebook.com\/permalink.php?story_fbid=102985589288427&amp;id=100087309576070\" class=\"fb-xfbml-parse-ignore\"><p>Hey \ud83d\ude42 Danke schon Mal, dass ihr der Einladung gefolgt seid. Ich hab bisher kaum jemanden eingeladen, gerade ist der...<\/p>Gepostet von <a href=\"https:\/\/www.facebook.com\/people\/Marisa-Blog-Stiftung-Gewaltfreies-Leben\/100087309576070\/\">Marisa Blog - Stiftung Gewaltfreies Leben<\/a> am&nbsp;<a href=\"https:\/\/www.facebook.com\/permalink.php?story_fbid=102985589288427&amp;id=100087309576070\">Donnerstag, 27. Oktober 2022<\/a><\/blockquote><\/div>\t\t\t\t<\/div>\n\t\t\t\t<\/div>\n\t\t\t\t\t<\/div>\n\t\t<\/div>\n\t\t\t\t\t<\/div>\n\t\t<\/section>\n\t\t\t\t<\/div>\n\t\t","protected":false},"excerpt":{"rendered":"<p>Wie jedes Jahr m\u00f6chte ich heute an den Antikriegstag am 01. September hinweisen und dazu ermutigen heute eine Demonstration oder Kundgebung dazu zu besuchen. Derzeit befindet sich die Welt mal wieder im Ausnahmezustand, ob im Sudan, in Gaza, im Kongo, Jemen, Syrien, der Ukraine oder an all den anderen Orten, an denen Mensch aufgrund der &hellip;<\/p>\n","protected":false},"author":2,"featured_media":0,"parent":15,"menu_order":0,"comment_status":"closed","ping_status":"closed","template":"","meta":{"footnotes":""},"aioseo_notices":[],"_links":{"self":[{"href":"https:\/\/stiftung-gewaltfreies-leben.de\/index.php\/wp-json\/wp\/v2\/pages\/1522"}],"collection":[{"href":"https:\/\/stiftung-gewaltfreies-leben.de\/index.php\/wp-json\/wp\/v2\/pages"}],"about":[{"href":"https:\/\/stiftung-gewaltfreies-leben.de\/index.php\/wp-json\/wp\/v2\/types\/page"}],"author":[{"embeddable":true,"href":"https:\/\/stiftung-gewaltfreies-leben.de\/index.php\/wp-json\/wp\/v2\/users\/2"}],"replies":[{"embeddable":true,"href":"https:\/\/stiftung-gewaltfreies-leben.de\/index.php\/wp-json\/wp\/v2\/comments?post=1522"}],"version-history":[{"count":4,"href":"https:\/\/stiftung-gewaltfreies-leben.de\/index.php\/wp-json\/wp\/v2\/pages\/1522\/revisions"}],"predecessor-version":[{"id":1526,"href":"https:\/\/stiftung-gewaltfreies-leben.de\/index.php\/wp-json\/wp\/v2\/pages\/1522\/revisions\/1526"}],"up":[{"embeddable":true,"href":"https:\/\/stiftung-gewaltfreies-leben.de\/index.php\/wp-json\/wp\/v2\/pages\/15"}],"wp:attachment":[{"href":"https:\/\/stiftung-gewaltfreies-leben.de\/index.php\/wp-json\/wp\/v2\/media?parent=1522"}],"curies":[{"name":"wp","href":"https:\/\/api.w.org\/{rel}","templated":true}]}}

<div data-elementor-type="wp-page" data-elementor-id="1522" class="elementor elementor-1522">
						<section class="elementor-section elementor-top-section elementor-element elementor-element-da27426 elementor-section-boxed elementor-section-height-default elementor-section-height-default" data-id="da27426" data-element_type="section">
						<div class="elementor-container elementor-column-gap-default">
					<div class="elementor-column elementor-col-100 elementor-top-column elementor-element elementor-element-3aaeca3" data-id="3aaeca3" data-element_type="column">
			<div class="elementor-widget-wrap elementor-element-populated">
						<div class="elementor-element elementor-element-0057199 elementor-invisible elementor-widget elementor-widget-text-editor" data-id="0057199" data-element_type="widget" data-settings="{&quot;_animation&quot;:&quot;zoomInRight&quot;}" data-widget_type="text-editor.default">
				<div class="elementor-widget-container">
									<div dir="auto">Wie jedes Jahr möchte ich heute an den Antikriegstag am 01. September hinweisen und dazu ermutigen heute eine Demonstration oder Kundgebung dazu zu besuchen. Derzeit befindet sich die Welt mal wieder im Ausnahmezustand, ob im Sudan, in Gaza, im Kongo, Jemen, Syrien, der Ukraine oder an all den anderen Orten, an denen Mensch aufgrund der Interessen herrschender Kreise sterben. Und auch hier mitten in Deutschland nimmt der Militarisierungskurs freien Lauf. Immer mehr wird gestrichen, um mehr Geld für Aufrüstung zur Verfügung zu stellen. Dadurch droht ein sozialer Kahlschlag und eine gefährliche Situation für die Abgehängtesten unserer Gesellschaft. Zudem ist Deutschland indirekt oder direkt an grausamen Kriegen im Ausland beteiligt und möchte uns die militärische Grausamkeit als notwendig verkaufen.</div><div dir="auto">In den heutigen Kriegen sterben Menschen nicht für eine heroische Sache, sondern für die Interessen jener, die nichts gutes mit ihnen im Sinn haben. Es werden Feindbilder geschaffen und Hass verbreitet, um davon abzulenken, dass der russische oder chinesische Arbeiter etc. uns näher steht als unsere eigenen elitären Kreise, die von uns einen zu hohen Preis verlangen.</div><div dir="auto">Wenn wir die Interessen der Bevölkerung schützen wollen müssen wir für ein besseres System kämpfen und uns klar gegen Militarismus von Staaten und Eliten, die nichts gutes mit uns im Sinn haben, stellen.</div>								</div>
				</div>
					</div>
		</div>
					</div>
		</section>
				<section class="elementor-section elementor-top-section elementor-element elementor-element-3370c36 elementor-section-boxed elementor-section-height-default elementor-section-height-default" data-id="3370c36" data-element_type="section">
						<div class="elementor-container elementor-column-gap-default">
					<div class="elementor-column elementor-col-100 elementor-top-column elementor-element elementor-element-6de3491" data-id="6de3491" data-element_type="column">
			<div class="elementor-widget-wrap elementor-element-populated">
						<div class="elementor-element elementor-element-8a50f11 elementor-widget elementor-widget-text-editor" data-id="8a50f11" data-element_type="widget" data-widget_type="text-editor.default">
				<div class="elementor-widget-container">
									<p style="text-align: right;">Datum: 01. September 2025</p>								</div>
				</div>
				<div class="elementor-element elementor-element-2012d45 e-grid-align-left elementor-grid-1 elementor-shape-rounded elementor-invisible elementor-widget elementor-widget-social-icons" data-id="2012d45" data-element_type="widget" data-settings="{&quot;_animation&quot;:&quot;zoomInUp&quot;}" data-widget_type="social-icons.default">
				<div class="elementor-widget-container">
							<div class="elementor-social-icons-wrapper elementor-grid">
							<span class="elementor-grid-item">
					<a class="elementor-icon elementor-social-icon elementor-social-icon-facebook elementor-animation-pop elementor-repeater-item-9a7555e" href="https://www.facebook.com/profile.php?id=100087309576070" target="_blank">
						<span class="elementor-screen-only">Facebook</span>
						<i class="fab fa-facebook"></i>					</a>
				</span>
					</div>
						</div>
				</div>
				<div class="elementor-element elementor-element-5b291f2 elementor-invisible elementor-widget elementor-widget-html" data-id="5b291f2" data-element_type="widget" data-settings="{&quot;_animation&quot;:&quot;zoomInUp&quot;}" data-widget_type="html.default">
				<div class="elementor-widget-container">
					<div id="fb-root"></div>
<script async defer crossorigin="anonymous" src="https://connect.facebook.net/de_DE/sdk.js#xfbml=1&version=v15.0&appId=1303074663797403&autoLogAppEvents=1" nonce="DHhOO0Bo"></script>
<div class="fb-post" data-href="https://www.facebook.com/permalink.php?story_fbid=pfbid0KPoh8C2s5ZvaSxFzoyQw2CRvZAQeeK8KVDJPB6HvocMVHroTtmiFwYKWHQJpxCA8l&amp;id=100087309576070" data-width="750" data-show-text="true"><blockquote cite="https://www.facebook.com/permalink.php?story_fbid=102985589288427&amp;id=100087309576070" class="fb-xfbml-parse-ignore"><p>Hey 🙂 Danke schon Mal, dass ihr der Einladung gefolgt seid. Ich hab bisher kaum jemanden eingeladen, gerade ist der...</p>Gepostet von <a href="https://www.facebook.com/people/Marisa-Blog-Stiftung-Gewaltfreies-Leben/100087309576070/">Marisa Blog - Stiftung Gewaltfreies Leben</a> am&nbsp;<a href="https://www.facebook.com/permalink.php?story_fbid=102985589288427&amp;id=100087309576070">Donnerstag, 27. Oktober 2022</a></blockquote></div>				</div>
				</div>
					</div>
		</div>
					</div>
		</section>
				</div>

<p>Wie jedes Jahr möchte ich heute an den Antikriegstag am 01. September hinweisen und dazu ermutigen heute eine Demonstration oder Kundgebung dazu zu besuchen. Derzeit befindet sich die Welt mal wieder im Ausnahmezustand, ob im Sudan, in Gaza, im Kongo, Jemen, Syrien, der Ukraine oder an all den anderen Orten, an denen Mensch aufgrund der &hellip;</p>
