{"id":1511,"date":"2025-07-30T17:10:44","date_gmt":"2025-07-30T15:10:44","guid":{"rendered":"https:\/\/stiftung-gewaltfreies-leben.de\/?page_id=1511"},"modified":"2025-07-30T17:11:09","modified_gmt":"2025-07-30T15:11:09","slug":"zum-verhaeltnis-von-schuldiger-und-glaeubiger","status":"publish","type":"page","link":"https:\/\/stiftung-gewaltfreies-leben.de\/index.php\/blog-marisa\/zum-verhaeltnis-von-schuldiger-und-glaeubiger\/","title":{"rendered":"Zum Verh\u00e4ltnis von Schuldiger und Gl\u00e4ubiger"},"content":{"rendered":"\t\t<div data-elementor-type=\"wp-page\" data-elementor-id=\"1511\" class=\"elementor elementor-1511\">\n\t\t\t\t\t\t<section class=\"elementor-section elementor-top-section elementor-element elementor-element-da27426 elementor-section-boxed elementor-section-height-default elementor-section-height-default\" data-id=\"da27426\" data-element_type=\"section\">\n\t\t\t\t\t\t<div class=\"elementor-container elementor-column-gap-default\">\n\t\t\t\t\t<div class=\"elementor-column elementor-col-100 elementor-top-column elementor-element elementor-element-3aaeca3\" data-id=\"3aaeca3\" data-element_type=\"column\">\n\t\t\t<div class=\"elementor-widget-wrap elementor-element-populated\">\n\t\t\t\t\t\t<div class=\"elementor-element elementor-element-0057199 elementor-invisible elementor-widget elementor-widget-text-editor\" data-id=\"0057199\" data-element_type=\"widget\" data-settings=\"{&quot;_animation&quot;:&quot;zoomInRight&quot;}\" data-widget_type=\"text-editor.default\">\n\t\t\t\t<div class=\"elementor-widget-container\">\n\t\t\t\t\t\t\t\t\t<div class=\"xdj266r x14z9mp xat24cr x1lziwak x1vvkbs x126k92a\"><div dir=\"auto\">Die Analyse gesellschaftlicher Macht konzentriert sich oft auf die Kontrolle \u00fcber Produktionsmittel und die Einteilung in Besitzende und Arbeitende. Das ist auch ein sehr wichtiger Aspekt. Doch ein genauerer Blick auf Geschichte und Gegenwart zeigt, dass die Macht der Schuld ein eigenst\u00e4ndiges Mittel der Herrschaft ist, das nicht blo\u00df aus den Produktionsverh\u00e4ltnissen resultiert. Schon lange bevor es M\u00fcnzen gab, diente das Verh\u00e4ltnis von Schuldner und Gl\u00e4ubiger als Grundlage sozialer Unterordnung.<\/div><\/div><div class=\"x14z9mp xat24cr x1lziwak x1vvkbs xtlvy1s x126k92a\"><div dir=\"auto\">In fr\u00fchen Gesellschaften waren Schuldbeziehungen oft nicht rein wirtschaftlich, sondern tief im moralischen und sozialen Leben verankert. Wer Schulden einfordern oder erlassen konnte, hatte Macht. Diese Macht nutzte man, um andere in Abh\u00e4ngigkeit zu bringen. Wer seine Schulden nicht bezahlen konnte, verlor nicht nur Besitz, sondern oft auch seine Freiheit und seine Stellung. Dieses alte Prinzip wirkt bis heute und pr\u00e4gt unsere Gesellschaft weiterhin.<\/div><\/div><div class=\"x14z9mp xat24cr x1lziwak x1vvkbs xtlvy1s x126k92a\"><div dir=\"auto\">Neben den bekannten Klassen wie Besitzende und Arbeiterklasse gibt es das Schuldner-Gl\u00e4ubiger-Verh\u00e4ltnis als eigene Form sozialer Einteilung. Auch innerhalb der Besitzenden unterscheidet man zwischen denen, die Produktionsmittel besitzen, und denen, die Geld verleihen. Letztere, also u.a. das Finanzkapital, nehmen eine besondere Stellung ein: Sie ziehen Einkommen aus Zinsen, ohne selbst an der Arbeit oder Produktion beteiligt zu sein. Das geschieht nicht nur im eigenen Land, sondern auch zwischen Staaten. Reiche L\u00e4nder, die anderen L\u00e4ndern Kredite geben, gewinnen dadurch Einfluss auf deren Politik und Wirtschaft. \u00dcber Zinsen ziehen sie einen Teil der Arbeitsleistung dieser L\u00e4nder ab, ohne selbst dort zu arbeiten.<\/div><\/div><div class=\"x14z9mp xat24cr x1lziwak x1vvkbs xtlvy1s x126k92a\"><div dir=\"auto\">Wer verschuldet ist, muss oft jede Arbeit annehmen \u2013 auch unter schlechten Bedingungen \u2013, um nicht alles zu verlieren. Das n\u00fctzt dem Staat und der besitzenden Klasse, weil so eine Bev\u00f6lkerung entsteht, die sich in Knechtschaft befindet. So wird die Ausbeutung verst\u00e4rkt, und viele sehen schlechte Arbeitsbedingungen als unausweichlich an. Auch Gl\u00e4ubiger \u2013 ob Banken oder andere Akteure \u2013 stehen unter dem Druck, m\u00f6glichst hohe Gewinne zu erzielen. Es fehlt meist an unabh\u00e4ngiger Kontrolle dar\u00fcber, wie Kredite vergeben werden und wie hoch die Zinsen ausfallen d\u00fcrfen.<\/div><\/div><div class=\"x14z9mp xat24cr x1lziwak x1vvkbs xtlvy1s x126k92a\"><div dir=\"auto\">Dabei ist Schuld nicht grunds\u00e4tzlich schlecht. Sie kann auch helfen, Entwicklungen zu erm\u00f6glichen. Doch es kommt darauf an, wie Schulden aufgenommen und verwaltet werden. Es muss verhindert werden, dass R\u00fcckzahlungen Menschen in Abh\u00e4ngigkeit und Armut treiben. Staaten brauchen eine demokratische Kontrolle dar\u00fcber, wof\u00fcr sie Schulden machen. Wenn Kredite Projekte finanzieren, die der Bev\u00f6lkerung langfristig schaden, ist das problematisch \u2013 besonders dann, wenn die R\u00fcckzahlung durch Einsparungen beim Sozialstaat erfolgt. Umgekehrt kann auch der Verzicht auf Schulden \u2013 durch Austerit\u00e4tspolitik (Sparpolitik) \u2013 dazu dienen, Sozialleistungen zu k\u00fcrzen und den Druck auf die abh\u00e4ngige Klasse zu erh\u00f6hen.<\/div><\/div><div class=\"x14z9mp xat24cr x1lziwak x1vvkbs xtlvy1s x126k92a\"><div dir=\"auto\">Die Macht der Schuld greift tief in unser Zusammenleben ein. Sie wirkt nicht nur auf das Geld, sondern auch auf Moral, Gesellschaft und Politik. Wer \u00fcber soziale Ungleichheit und Herrschaft sprechen will, muss dieses Mittel der Macht mitdenken \u2013 es ist allgegenw\u00e4rtig, aber oft \u00fcbersehen.<\/div><\/div>\t\t\t\t\t\t\t\t<\/div>\n\t\t\t\t<\/div>\n\t\t\t\t\t<\/div>\n\t\t<\/div>\n\t\t\t\t\t<\/div>\n\t\t<\/section>\n\t\t\t\t<section class=\"elementor-section elementor-top-section elementor-element elementor-element-3370c36 elementor-section-boxed elementor-section-height-default elementor-section-height-default\" data-id=\"3370c36\" data-element_type=\"section\">\n\t\t\t\t\t\t<div class=\"elementor-container elementor-column-gap-default\">\n\t\t\t\t\t<div class=\"elementor-column elementor-col-100 elementor-top-column elementor-element elementor-element-6de3491\" data-id=\"6de3491\" data-element_type=\"column\">\n\t\t\t<div class=\"elementor-widget-wrap elementor-element-populated\">\n\t\t\t\t\t\t<div class=\"elementor-element elementor-element-8a50f11 elementor-widget elementor-widget-text-editor\" data-id=\"8a50f11\" data-element_type=\"widget\" data-widget_type=\"text-editor.default\">\n\t\t\t\t<div class=\"elementor-widget-container\">\n\t\t\t\t\t\t\t\t\t<p style=\"text-align: right;\">Datum: 30. Juli 2025<\/p>\t\t\t\t\t\t\t\t<\/div>\n\t\t\t\t<\/div>\n\t\t\t\t<div class=\"elementor-element elementor-element-2012d45 e-grid-align-left elementor-grid-1 elementor-shape-rounded elementor-invisible elementor-widget elementor-widget-social-icons\" data-id=\"2012d45\" data-element_type=\"widget\" data-settings=\"{&quot;_animation&quot;:&quot;zoomInUp&quot;}\" data-widget_type=\"social-icons.default\">\n\t\t\t\t<div class=\"elementor-widget-container\">\n\t\t\t\t\t\t\t<div class=\"elementor-social-icons-wrapper elementor-grid\">\n\t\t\t\t\t\t\t<span class=\"elementor-grid-item\">\n\t\t\t\t\t<a class=\"elementor-icon elementor-social-icon elementor-social-icon-facebook elementor-animation-pop elementor-repeater-item-9a7555e\" href=\"https:\/\/www.facebook.com\/profile.php?id=100087309576070\" target=\"_blank\">\n\t\t\t\t\t\t<span class=\"elementor-screen-only\">Facebook<\/span>\n\t\t\t\t\t\t<i class=\"fab fa-facebook\"><\/i>\t\t\t\t\t<\/a>\n\t\t\t\t<\/span>\n\t\t\t\t\t<\/div>\n\t\t\t\t\t\t<\/div>\n\t\t\t\t<\/div>\n\t\t\t\t<div class=\"elementor-element elementor-element-5b291f2 elementor-invisible elementor-widget elementor-widget-html\" data-id=\"5b291f2\" data-element_type=\"widget\" data-settings=\"{&quot;_animation&quot;:&quot;zoomInUp&quot;}\" data-widget_type=\"html.default\">\n\t\t\t\t<div class=\"elementor-widget-container\">\n\t\t\t\t\t<div id=\"fb-root\"><\/div>\n<script async defer crossorigin=\"anonymous\" src=\"https:\/\/connect.facebook.net\/de_DE\/sdk.js#xfbml=1&version=v15.0&appId=1303074663797403&autoLogAppEvents=1\" nonce=\"DHhOO0Bo\"><\/script>\n<div class=\"fb-post\" data-href=\"https:\/\/www.facebook.com\/permalink.php?story_fbid=pfbid0KPoh8C2s5ZvaSxFzoyQw2CRvZAQeeK8KVDJPB6HvocMVHroTtmiFwYKWHQJpxCA8l&amp;id=100087309576070\" data-width=\"750\" data-show-text=\"true\"><blockquote cite=\"https:\/\/www.facebook.com\/permalink.php?story_fbid=102985589288427&amp;id=100087309576070\" class=\"fb-xfbml-parse-ignore\"><p>Hey \ud83d\ude42 Danke schon Mal, dass ihr der Einladung gefolgt seid. Ich hab bisher kaum jemanden eingeladen, gerade ist der...<\/p>Gepostet von <a href=\"https:\/\/www.facebook.com\/people\/Marisa-Blog-Stiftung-Gewaltfreies-Leben\/100087309576070\/\">Marisa Blog - Stiftung Gewaltfreies Leben<\/a> am&nbsp;<a href=\"https:\/\/www.facebook.com\/permalink.php?story_fbid=102985589288427&amp;id=100087309576070\">Donnerstag, 27. Oktober 2022<\/a><\/blockquote><\/div>\t\t\t\t<\/div>\n\t\t\t\t<\/div>\n\t\t\t\t\t<\/div>\n\t\t<\/div>\n\t\t\t\t\t<\/div>\n\t\t<\/section>\n\t\t\t\t<\/div>\n\t\t","protected":false},"excerpt":{"rendered":"<p>Die Analyse gesellschaftlicher Macht konzentriert sich oft auf die Kontrolle \u00fcber Produktionsmittel und die Einteilung in Besitzende und Arbeitende. Das ist auch ein sehr wichtiger Aspekt. Doch ein genauerer Blick auf Geschichte und Gegenwart zeigt, dass die Macht der Schuld ein eigenst\u00e4ndiges Mittel der Herrschaft ist, das nicht blo\u00df aus den Produktionsverh\u00e4ltnissen resultiert. Schon lange &hellip;<\/p>\n","protected":false},"author":2,"featured_media":0,"parent":15,"menu_order":0,"comment_status":"closed","ping_status":"closed","template":"","meta":{"footnotes":""},"aioseo_notices":[],"_links":{"self":[{"href":"https:\/\/stiftung-gewaltfreies-leben.de\/index.php\/wp-json\/wp\/v2\/pages\/1511"}],"collection":[{"href":"https:\/\/stiftung-gewaltfreies-leben.de\/index.php\/wp-json\/wp\/v2\/pages"}],"about":[{"href":"https:\/\/stiftung-gewaltfreies-leben.de\/index.php\/wp-json\/wp\/v2\/types\/page"}],"author":[{"embeddable":true,"href":"https:\/\/stiftung-gewaltfreies-leben.de\/index.php\/wp-json\/wp\/v2\/users\/2"}],"replies":[{"embeddable":true,"href":"https:\/\/stiftung-gewaltfreies-leben.de\/index.php\/wp-json\/wp\/v2\/comments?post=1511"}],"version-history":[{"count":4,"href":"https:\/\/stiftung-gewaltfreies-leben.de\/index.php\/wp-json\/wp\/v2\/pages\/1511\/revisions"}],"predecessor-version":[{"id":1515,"href":"https:\/\/stiftung-gewaltfreies-leben.de\/index.php\/wp-json\/wp\/v2\/pages\/1511\/revisions\/1515"}],"up":[{"embeddable":true,"href":"https:\/\/stiftung-gewaltfreies-leben.de\/index.php\/wp-json\/wp\/v2\/pages\/15"}],"wp:attachment":[{"href":"https:\/\/stiftung-gewaltfreies-leben.de\/index.php\/wp-json\/wp\/v2\/media?parent=1511"}],"curies":[{"name":"wp","href":"https:\/\/api.w.org\/{rel}","templated":true}]}}