{"id":1311,"date":"2023-11-22T13:01:05","date_gmt":"2023-11-22T12:01:05","guid":{"rendered":"https:\/\/stiftung-gewaltfreies-leben.de\/?page_id=1311"},"modified":"2023-12-19T14:15:23","modified_gmt":"2023-12-19T13:15:23","slug":"zur-forderung-der-cdu-das-buergergeld-abzuschaffen-welche-soziale-gruppen-waeren-besonders-betroffen","status":"publish","type":"page","link":"https:\/\/stiftung-gewaltfreies-leben.de\/index.php\/blog-marisa\/zur-forderung-der-cdu-das-buergergeld-abzuschaffen-welche-soziale-gruppen-waeren-besonders-betroffen\/","title":{"rendered":"B\u00fcrgergelddebatte Teil 1: Zur Forderung der CDU das B\u00fcrgergeld abzuschaffen &#8211; Welche sozialen Gruppen w\u00e4ren besonders betroffen?"},"content":{"rendered":"\t\t<div data-elementor-type=\"wp-page\" data-elementor-id=\"1311\" class=\"elementor elementor-1311\">\n\t\t\t\t\t\t<section class=\"elementor-section elementor-top-section elementor-element elementor-element-da27426 elementor-section-boxed elementor-section-height-default elementor-section-height-default\" data-id=\"da27426\" data-element_type=\"section\">\n\t\t\t\t\t\t<div class=\"elementor-container elementor-column-gap-default\">\n\t\t\t\t\t<div class=\"elementor-column elementor-col-100 elementor-top-column elementor-element elementor-element-3aaeca3\" data-id=\"3aaeca3\" data-element_type=\"column\">\n\t\t\t<div class=\"elementor-widget-wrap elementor-element-populated\">\n\t\t\t\t\t\t<div class=\"elementor-element elementor-element-0057199 elementor-invisible elementor-widget elementor-widget-text-editor\" data-id=\"0057199\" data-element_type=\"widget\" data-settings=\"{&quot;_animation&quot;:&quot;zoomInRight&quot;}\" data-widget_type=\"text-editor.default\">\n\t\t\t\t<div class=\"elementor-widget-container\">\n\t\t\t\t\t\t\t\t\t<div class=\"\" data-block=\"true\" data-editor=\"5e9mt\" data-offset-key=\"9n009-0-0\"><div class=\"_1mf _1mj\" data-offset-key=\"9n009-0-0\">Der Unmut in der Gesellschaft steigt, w\u00e4hrend die sozialen Probleme in Deutschland immer dringlicher werden. Doch statt sozialer L\u00f6sungsans\u00e4tze auszuarbeiten, \u00fcbertrumpfen sich verschiedene Parteien in Forderungen, die nicht das grunds\u00e4tzliche Problem der wachsenden sozialen Ungleichheit bek\u00e4mpfen, sondern diese bei einer Umsetzung versch\u00e4rfen w\u00fcrden.<\/div><\/div><div class=\"\" data-block=\"true\" data-editor=\"5e9mt\" data-offset-key=\"f68f2-0-0\"><div class=\"_1mf _1mj\" data-offset-key=\"f68f2-0-0\"><span data-offset-key=\"f68f2-0-0\">\u00a0<\/span><\/div><\/div><div class=\"\" data-block=\"true\" data-editor=\"5e9mt\" data-offset-key=\"38t35-0-0\"><div class=\"_1mf _1mj\" data-offset-key=\"38t35-0-0\"><span data-offset-key=\"38t35-0-0\">So fordert die CDU eine Abschaffung des B\u00fcrgergeldes und m\u00f6chte dies in ihr kommendes Parteiprogramm aufnehmen. Der Ton gegen Leistungsbeziehende wird sch\u00e4rfer. So werden diese mit altbekannten Stigmata verh\u00f6hnt wie bspw. Faulheit, fehlender Arbeitswille oder ausruhen in der &#8222;sozialen H\u00e4ngematte&#8220;. Linnemann (CDU) stellt das neue Konzept der CDU mit folgenden Worten vor &#8222;Jeder, der arbeiten kann und Sozialleistungen bezieht, muss nach sp\u00e4testens sechs Monaten einen Job annehmen, ansonsten gemeinn\u00fctzig arbeiten&#8220;<\/span><\/div><\/div><div class=\"\" data-block=\"true\" data-editor=\"5e9mt\" data-offset-key=\"9qkps-0-0\"><div class=\"_1mf _1mj\" data-offset-key=\"9qkps-0-0\"><span data-offset-key=\"9qkps-0-0\">\u00a0<\/span><\/div><\/div><div class=\"\" data-block=\"true\" data-editor=\"5e9mt\" data-offset-key=\"1aup7-0-0\"><div class=\"_1mf _1mj\" data-offset-key=\"1aup7-0-0\"><span data-offset-key=\"1aup7-0-0\">Bei dieser Forderung werden grundlegende Fakten missachtet. So haben \u00fcberproportional viele Leistungsempf\u00e4nger laut einer Statistik des Jobcenters gesundheitliche Einschr\u00e4nkungen oder sind anderen schwer \u00fcberwindbaren H\u00fcrden auf dem Arbeitsmarkt ausgesetzt. Bspw. stellen alleinerziehende Elternteile eine bedeutend gro\u00dfe Gruppe von SGB II- Beziehern da. Durch systematisch fehlenden Pl\u00e4tze f\u00fcr Kinderbetreuung und geringeren Chancen in Bewerbungsverfahren ist diese Gruppe einem besonders hohen Risiko von Arbeitslosigkeit ausgesetzt. Es ist auch ein Irrglaube, dass alle gesundheitlich eingeschr\u00e4nkten Menschen in Bezug von Erwerbsminderungsrente oder SGB XII Leistungen f\u00fcr Arbeitsunf\u00e4hige w\u00e4ren, denn hier m\u00fcssen zum einen erst Gutachten durchgef\u00fchrt werden, die sich oft als langer Prozess herausstellen und nicht immer positiv verlaufen, auch wenn massive Einschr\u00e4nkungen vorhanden sind, zudem sind nicht alle Menschen mit chronischen Erkrankungen oder einer Schwerbehinderung erwerbsgemindert oder arbeitsunf\u00e4hig, bei der Jobsuche jedoch oftmals gro\u00dfen Stigmata und Diskriminierung ausgesetzt. Eine weitere gro\u00dfe Gruppe von Jobcenter-Kunden stellen \u00e4ltere Menschen da, die ihre Anstellung verloren haben, jedoch bei Bewerbungsverfahren oftmals Altersdiskriminierung erfahren. Dar\u00fcber hinaus gibt es weitere ohnehin sozial benachteiligte Gruppen, welche \u00fcberproportional h\u00e4ufig von Arbeitslosigkeit betroffen sind.<\/span><\/div><\/div><div class=\"\" data-block=\"true\" data-editor=\"5e9mt\" data-offset-key=\"c2clu-0-0\"><div class=\"_1mf _1mj\" data-offset-key=\"c2clu-0-0\"><span data-offset-key=\"c2clu-0-0\">\u00a0<\/span><\/div><\/div><div class=\"\" data-block=\"true\" data-editor=\"5e9mt\" data-offset-key=\"dlq0g-0-0\"><div class=\"_1mf _1mj\" data-offset-key=\"dlq0g-0-0\"><span data-offset-key=\"dlq0g-0-0\">Das Stigmata faul oder arbeitsunwillig zu sein trifft bei den meisten Betroffenen nicht zu, da statistisch nachweisbar ist, dass die gr\u00f6\u00dften Betroffenengruppen mehr H\u00fcrden bei der Arbeitsmarktintegration ausgesetzt sind. Sozialleistungen an einen Arbeitszwang zu binden w\u00fcrde diese Gruppen besonders hart treffen. <\/span><\/div><\/div><div class=\"\" data-block=\"true\" data-editor=\"5e9mt\" data-offset-key=\"7bc1m-0-0\"><div class=\"_1mf _1mj\" data-offset-key=\"7bc1m-0-0\"><span data-offset-key=\"7bc1m-0-0\">Auch muss beachtet werden,dass mit den Forderungen der CDU mehr soziale Probleme in Deutschland resultieren w\u00fcrden und ein erheblicher b\u00fcrokratischer Mehraufwand entstehen w\u00fcrde. Auch wirtschaftlich w\u00fcrden weder Deutschland, noch Arbeitnehmer von einem weiteren Sozialstaatsabbau profitieren. Darauf werde ich in meinem n\u00e4chsten Blogeintrag eingehen<\/span><\/div><\/div>\t\t\t\t\t\t\t\t<\/div>\n\t\t\t\t<\/div>\n\t\t\t\t\t<\/div>\n\t\t<\/div>\n\t\t\t\t\t<\/div>\n\t\t<\/section>\n\t\t\t\t<section class=\"elementor-section elementor-top-section elementor-element elementor-element-3370c36 elementor-section-boxed elementor-section-height-default elementor-section-height-default\" data-id=\"3370c36\" data-element_type=\"section\">\n\t\t\t\t\t\t<div class=\"elementor-container elementor-column-gap-default\">\n\t\t\t\t\t<div class=\"elementor-column elementor-col-100 elementor-top-column elementor-element elementor-element-6de3491\" data-id=\"6de3491\" data-element_type=\"column\">\n\t\t\t<div class=\"elementor-widget-wrap elementor-element-populated\">\n\t\t\t\t\t\t<div class=\"elementor-element elementor-element-8a50f11 elementor-widget elementor-widget-text-editor\" data-id=\"8a50f11\" data-element_type=\"widget\" data-widget_type=\"text-editor.default\">\n\t\t\t\t<div class=\"elementor-widget-container\">\n\t\t\t\t\t\t\t\t\t<p style=\"text-align: right;\">Datum: 22. November 2023<\/p>\t\t\t\t\t\t\t\t<\/div>\n\t\t\t\t<\/div>\n\t\t\t\t<div class=\"elementor-element elementor-element-2012d45 e-grid-align-left elementor-grid-1 elementor-shape-rounded elementor-invisible elementor-widget elementor-widget-social-icons\" data-id=\"2012d45\" data-element_type=\"widget\" data-settings=\"{&quot;_animation&quot;:&quot;zoomInUp&quot;}\" data-widget_type=\"social-icons.default\">\n\t\t\t\t<div class=\"elementor-widget-container\">\n\t\t\t\t\t\t\t<div class=\"elementor-social-icons-wrapper elementor-grid\">\n\t\t\t\t\t\t\t<span class=\"elementor-grid-item\">\n\t\t\t\t\t<a class=\"elementor-icon elementor-social-icon elementor-social-icon-facebook elementor-animation-pop elementor-repeater-item-9a7555e\" href=\"https:\/\/www.facebook.com\/profile.php?id=100087309576070\" target=\"_blank\">\n\t\t\t\t\t\t<span class=\"elementor-screen-only\">Facebook<\/span>\n\t\t\t\t\t\t<i class=\"fab fa-facebook\"><\/i>\t\t\t\t\t<\/a>\n\t\t\t\t<\/span>\n\t\t\t\t\t<\/div>\n\t\t\t\t\t\t<\/div>\n\t\t\t\t<\/div>\n\t\t\t\t<div class=\"elementor-element elementor-element-5b291f2 elementor-invisible elementor-widget elementor-widget-html\" data-id=\"5b291f2\" data-element_type=\"widget\" data-settings=\"{&quot;_animation&quot;:&quot;zoomInUp&quot;}\" data-widget_type=\"html.default\">\n\t\t\t\t<div class=\"elementor-widget-container\">\n\t\t\t\t\t<div id=\"fb-root\"><\/div>\n<script async defer crossorigin=\"anonymous\" src=\"https:\/\/connect.facebook.net\/de_DE\/sdk.js#xfbml=1&version=v15.0&appId=1303074663797403&autoLogAppEvents=1\" nonce=\"DHhOO0Bo\"><\/script>\n<div class=\"fb-post\" data-href=\"https:\/\/www.facebook.com\/permalink.php?story_fbid=pfbid02ZyxqLBcjYYKXj1W7YLtenYVXYzDuwMRxH3b5idJvpQF7mrJehBJAETuK3qq2Zj7Ql&amp;id=100087309576070\" data-width=\"750\" data-show-text=\"true\"><blockquote cite=\"https:\/\/www.facebook.com\/permalink.php?story_fbid=300836349503349&amp;id=100087309576070\" class=\"fb-xfbml-parse-ignore\"><p>Zur Forderung der CDU das B\u00fcrgergeld abzuschaffen\n\nDer Unmut in der Gesellschaft steigt, w\u00e4hrend die sozialen Probleme...<\/p>Gepostet von <a href=\"https:\/\/www.facebook.com\/people\/Marisas-Blog-Diskussionsforum-Stiftung-Gewaltfreies-Leben\/100087309576070\/\">Marisa&#039;s Blog Diskussionsforum - Stiftung Gewaltfreies Leben<\/a> am&nbsp;<a href=\"https:\/\/www.facebook.com\/permalink.php?story_fbid=300836349503349&amp;id=100087309576070\">Mittwoch, 15. November 2023<\/a><\/blockquote><\/div>\t\t\t\t<\/div>\n\t\t\t\t<\/div>\n\t\t\t\t\t<\/div>\n\t\t<\/div>\n\t\t\t\t\t<\/div>\n\t\t<\/section>\n\t\t\t\t<\/div>\n\t\t","protected":false},"excerpt":{"rendered":"<p>Der Unmut in der Gesellschaft steigt, w\u00e4hrend die sozialen Probleme in Deutschland immer dringlicher werden. Doch statt sozialer L\u00f6sungsans\u00e4tze auszuarbeiten, \u00fcbertrumpfen sich verschiedene Parteien in Forderungen, die nicht das grunds\u00e4tzliche Problem der wachsenden sozialen Ungleichheit bek\u00e4mpfen, sondern diese bei einer Umsetzung versch\u00e4rfen w\u00fcrden.\u00a0So fordert die CDU eine Abschaffung des B\u00fcrgergeldes und m\u00f6chte dies in ihr &hellip;<\/p>\n","protected":false},"author":2,"featured_media":0,"parent":15,"menu_order":0,"comment_status":"closed","ping_status":"closed","template":"","meta":{"footnotes":""},"aioseo_notices":[],"_links":{"self":[{"href":"https:\/\/stiftung-gewaltfreies-leben.de\/index.php\/wp-json\/wp\/v2\/pages\/1311"}],"collection":[{"href":"https:\/\/stiftung-gewaltfreies-leben.de\/index.php\/wp-json\/wp\/v2\/pages"}],"about":[{"href":"https:\/\/stiftung-gewaltfreies-leben.de\/index.php\/wp-json\/wp\/v2\/types\/page"}],"author":[{"embeddable":true,"href":"https:\/\/stiftung-gewaltfreies-leben.de\/index.php\/wp-json\/wp\/v2\/users\/2"}],"replies":[{"embeddable":true,"href":"https:\/\/stiftung-gewaltfreies-leben.de\/index.php\/wp-json\/wp\/v2\/comments?post=1311"}],"version-history":[{"count":9,"href":"https:\/\/stiftung-gewaltfreies-leben.de\/index.php\/wp-json\/wp\/v2\/pages\/1311\/revisions"}],"predecessor-version":[{"id":1326,"href":"https:\/\/stiftung-gewaltfreies-leben.de\/index.php\/wp-json\/wp\/v2\/pages\/1311\/revisions\/1326"}],"up":[{"embeddable":true,"href":"https:\/\/stiftung-gewaltfreies-leben.de\/index.php\/wp-json\/wp\/v2\/pages\/15"}],"wp:attachment":[{"href":"https:\/\/stiftung-gewaltfreies-leben.de\/index.php\/wp-json\/wp\/v2\/media?parent=1311"}],"curies":[{"name":"wp","href":"https:\/\/api.w.org\/{rel}","templated":true}]}}

Bürgergelddebatte Teil 1: Zur Forderung der CDU das Bürgergeld abzuschaffen &#8211; Welche sozialen Gruppen wären besonders betroffen?

<div data-elementor-type="wp-page" data-elementor-id="1311" class="elementor elementor-1311">
						<section class="elementor-section elementor-top-section elementor-element elementor-element-da27426 elementor-section-boxed elementor-section-height-default elementor-section-height-default" data-id="da27426" data-element_type="section">
						<div class="elementor-container elementor-column-gap-default">
					<div class="elementor-column elementor-col-100 elementor-top-column elementor-element elementor-element-3aaeca3" data-id="3aaeca3" data-element_type="column">
			<div class="elementor-widget-wrap elementor-element-populated">
						<div class="elementor-element elementor-element-0057199 elementor-invisible elementor-widget elementor-widget-text-editor" data-id="0057199" data-element_type="widget" data-settings="{&quot;_animation&quot;:&quot;zoomInRight&quot;}" data-widget_type="text-editor.default">
				<div class="elementor-widget-container">
									<div class="" data-block="true" data-editor="5e9mt" data-offset-key="9n009-0-0"><div class="_1mf _1mj" data-offset-key="9n009-0-0">Der Unmut in der Gesellschaft steigt, während die sozialen Probleme in Deutschland immer dringlicher werden. Doch statt sozialer Lösungsansätze auszuarbeiten, übertrumpfen sich verschiedene Parteien in Forderungen, die nicht das grundsätzliche Problem der wachsenden sozialen Ungleichheit bekämpfen, sondern diese bei einer Umsetzung verschärfen würden.</div></div><div class="" data-block="true" data-editor="5e9mt" data-offset-key="f68f2-0-0"><div class="_1mf _1mj" data-offset-key="f68f2-0-0"><span data-offset-key="f68f2-0-0"> </span></div></div><div class="" data-block="true" data-editor="5e9mt" data-offset-key="38t35-0-0"><div class="_1mf _1mj" data-offset-key="38t35-0-0"><span data-offset-key="38t35-0-0">So fordert die CDU eine Abschaffung des Bürgergeldes und möchte dies in ihr kommendes Parteiprogramm aufnehmen. Der Ton gegen Leistungsbeziehende wird schärfer. So werden diese mit altbekannten Stigmata verhöhnt wie bspw. Faulheit, fehlender Arbeitswille oder ausruhen in der &#8222;sozialen Hängematte&#8220;. Linnemann (CDU) stellt das neue Konzept der CDU mit folgenden Worten vor &#8222;Jeder, der arbeiten kann und Sozialleistungen bezieht, muss nach spätestens sechs Monaten einen Job annehmen, ansonsten gemeinnützig arbeiten&#8220;</span></div></div><div class="" data-block="true" data-editor="5e9mt" data-offset-key="9qkps-0-0"><div class="_1mf _1mj" data-offset-key="9qkps-0-0"><span data-offset-key="9qkps-0-0"> </span></div></div><div class="" data-block="true" data-editor="5e9mt" data-offset-key="1aup7-0-0"><div class="_1mf _1mj" data-offset-key="1aup7-0-0"><span data-offset-key="1aup7-0-0">Bei dieser Forderung werden grundlegende Fakten missachtet. So haben überproportional viele Leistungsempfänger laut einer Statistik des Jobcenters gesundheitliche Einschränkungen oder sind anderen schwer überwindbaren Hürden auf dem Arbeitsmarkt ausgesetzt. Bspw. stellen alleinerziehende Elternteile eine bedeutend große Gruppe von SGB II- Beziehern da. Durch systematisch fehlenden Plätze für Kinderbetreuung und geringeren Chancen in Bewerbungsverfahren ist diese Gruppe einem besonders hohen Risiko von Arbeitslosigkeit ausgesetzt. Es ist auch ein Irrglaube, dass alle gesundheitlich eingeschränkten Menschen in Bezug von Erwerbsminderungsrente oder SGB XII Leistungen für Arbeitsunfähige wären, denn hier müssen zum einen erst Gutachten durchgeführt werden, die sich oft als langer Prozess herausstellen und nicht immer positiv verlaufen, auch wenn massive Einschränkungen vorhanden sind, zudem sind nicht alle Menschen mit chronischen Erkrankungen oder einer Schwerbehinderung erwerbsgemindert oder arbeitsunfähig, bei der Jobsuche jedoch oftmals großen Stigmata und Diskriminierung ausgesetzt. Eine weitere große Gruppe von Jobcenter-Kunden stellen ältere Menschen da, die ihre Anstellung verloren haben, jedoch bei Bewerbungsverfahren oftmals Altersdiskriminierung erfahren. Darüber hinaus gibt es weitere ohnehin sozial benachteiligte Gruppen, welche überproportional häufig von Arbeitslosigkeit betroffen sind.</span></div></div><div class="" data-block="true" data-editor="5e9mt" data-offset-key="c2clu-0-0"><div class="_1mf _1mj" data-offset-key="c2clu-0-0"><span data-offset-key="c2clu-0-0"> </span></div></div><div class="" data-block="true" data-editor="5e9mt" data-offset-key="dlq0g-0-0"><div class="_1mf _1mj" data-offset-key="dlq0g-0-0"><span data-offset-key="dlq0g-0-0">Das Stigmata faul oder arbeitsunwillig zu sein trifft bei den meisten Betroffenen nicht zu, da statistisch nachweisbar ist, dass die größten Betroffenengruppen mehr Hürden bei der Arbeitsmarktintegration ausgesetzt sind. Sozialleistungen an einen Arbeitszwang zu binden würde diese Gruppen besonders hart treffen. </span></div></div><div class="" data-block="true" data-editor="5e9mt" data-offset-key="7bc1m-0-0"><div class="_1mf _1mj" data-offset-key="7bc1m-0-0"><span data-offset-key="7bc1m-0-0">Auch muss beachtet werden,dass mit den Forderungen der CDU mehr soziale Probleme in Deutschland resultieren würden und ein erheblicher bürokratischer Mehraufwand entstehen würde. Auch wirtschaftlich würden weder Deutschland, noch Arbeitnehmer von einem weiteren Sozialstaatsabbau profitieren. Darauf werde ich in meinem nächsten Blogeintrag eingehen</span></div></div>								</div>
				</div>
					</div>
		</div>
					</div>
		</section>
				<section class="elementor-section elementor-top-section elementor-element elementor-element-3370c36 elementor-section-boxed elementor-section-height-default elementor-section-height-default" data-id="3370c36" data-element_type="section">
						<div class="elementor-container elementor-column-gap-default">
					<div class="elementor-column elementor-col-100 elementor-top-column elementor-element elementor-element-6de3491" data-id="6de3491" data-element_type="column">
			<div class="elementor-widget-wrap elementor-element-populated">
						<div class="elementor-element elementor-element-8a50f11 elementor-widget elementor-widget-text-editor" data-id="8a50f11" data-element_type="widget" data-widget_type="text-editor.default">
				<div class="elementor-widget-container">
									<p style="text-align: right;">Datum: 22. November 2023</p>								</div>
				</div>
				<div class="elementor-element elementor-element-2012d45 e-grid-align-left elementor-grid-1 elementor-shape-rounded elementor-invisible elementor-widget elementor-widget-social-icons" data-id="2012d45" data-element_type="widget" data-settings="{&quot;_animation&quot;:&quot;zoomInUp&quot;}" data-widget_type="social-icons.default">
				<div class="elementor-widget-container">
							<div class="elementor-social-icons-wrapper elementor-grid">
							<span class="elementor-grid-item">
					<a class="elementor-icon elementor-social-icon elementor-social-icon-facebook elementor-animation-pop elementor-repeater-item-9a7555e" href="https://www.facebook.com/profile.php?id=100087309576070" target="_blank">
						<span class="elementor-screen-only">Facebook</span>
						<i class="fab fa-facebook"></i>					</a>
				</span>
					</div>
						</div>
				</div>
				<div class="elementor-element elementor-element-5b291f2 elementor-invisible elementor-widget elementor-widget-html" data-id="5b291f2" data-element_type="widget" data-settings="{&quot;_animation&quot;:&quot;zoomInUp&quot;}" data-widget_type="html.default">
				<div class="elementor-widget-container">
					<div id="fb-root"></div>
<script async defer crossorigin="anonymous" src="https://connect.facebook.net/de_DE/sdk.js#xfbml=1&version=v15.0&appId=1303074663797403&autoLogAppEvents=1" nonce="DHhOO0Bo"></script>
<div class="fb-post" data-href="https://www.facebook.com/permalink.php?story_fbid=pfbid02ZyxqLBcjYYKXj1W7YLtenYVXYzDuwMRxH3b5idJvpQF7mrJehBJAETuK3qq2Zj7Ql&amp;id=100087309576070" data-width="750" data-show-text="true"><blockquote cite="https://www.facebook.com/permalink.php?story_fbid=300836349503349&amp;id=100087309576070" class="fb-xfbml-parse-ignore"><p>Zur Forderung der CDU das Bürgergeld abzuschaffen

Der Unmut in der Gesellschaft steigt, während die sozialen Probleme...</p>Gepostet von <a href="https://www.facebook.com/people/Marisas-Blog-Diskussionsforum-Stiftung-Gewaltfreies-Leben/100087309576070/">Marisa&#039;s Blog Diskussionsforum - Stiftung Gewaltfreies Leben</a> am&nbsp;<a href="https://www.facebook.com/permalink.php?story_fbid=300836349503349&amp;id=100087309576070">Mittwoch, 15. November 2023</a></blockquote></div>				</div>
				</div>
					</div>
		</div>
					</div>
		</section>
				</div>

<p>Der Unmut in der Gesellschaft steigt, während die sozialen Probleme in Deutschland immer dringlicher werden. Doch statt sozialer Lösungsansätze auszuarbeiten, übertrumpfen sich verschiedene Parteien in Forderungen, die nicht das grundsätzliche Problem der wachsenden sozialen Ungleichheit bekämpfen, sondern diese bei einer Umsetzung verschärfen würden. So fordert die CDU eine Abschaffung des Bürgergeldes und möchte dies in ihr &hellip;</p>
