{"id":1305,"date":"2023-10-27T17:40:31","date_gmt":"2023-10-27T15:40:31","guid":{"rendered":"https:\/\/stiftung-gewaltfreies-leben.de\/?page_id=1305"},"modified":"2023-10-27T17:42:20","modified_gmt":"2023-10-27T15:42:20","slug":"bertha-von-suttner-erste-frau-als-friedensnobelpreistraegerin","status":"publish","type":"page","link":"https:\/\/stiftung-gewaltfreies-leben.de\/index.php\/blog-marisa\/bertha-von-suttner-erste-frau-als-friedensnobelpreistraegerin\/","title":{"rendered":"Bertha von Suttner &#8211; erste Frau als Friedensnobelpreistr\u00e4gerin"},"content":{"rendered":"\t\t<div data-elementor-type=\"wp-page\" data-elementor-id=\"1305\" class=\"elementor elementor-1305\">\n\t\t\t\t\t\t<section class=\"elementor-section elementor-top-section elementor-element elementor-element-da27426 elementor-section-boxed elementor-section-height-default elementor-section-height-default\" data-id=\"da27426\" data-element_type=\"section\">\n\t\t\t\t\t\t<div class=\"elementor-container elementor-column-gap-default\">\n\t\t\t\t\t<div class=\"elementor-column elementor-col-100 elementor-top-column elementor-element elementor-element-3aaeca3\" data-id=\"3aaeca3\" data-element_type=\"column\">\n\t\t\t<div class=\"elementor-widget-wrap elementor-element-populated\">\n\t\t\t\t\t\t<div class=\"elementor-element elementor-element-0057199 elementor-invisible elementor-widget elementor-widget-text-editor\" data-id=\"0057199\" data-element_type=\"widget\" data-settings=\"{&quot;_animation&quot;:&quot;zoomInRight&quot;}\" data-widget_type=\"text-editor.default\">\n\t\t\t\t<div class=\"elementor-widget-container\">\n\t\t\t\t\t\t\t\t\t<div class=\"xdj266r x11i5rnm xat24cr x1mh8g0r x1vvkbs x126k92a\"><div dir=\"auto\">Der erste Friedensnobelpreis, der je an eine Frau vergeben wurde, ging im Jahr 1905 an Bertha von Suttner (1843-1901). Sie war bekannt als Schriftstellerin, bekennende Pazifisten und Friedensforscherin. Mit ihrem pazifistisch orientierten Roman &#8222;Die Waffen nieder!&#8220; wurde sie zu einer prominenten Vertreterin der Friedensbewegung. Es galt als eines der wichtigsten Werke der Antikriegsliteratur und wurde in 15 Sprachen \u00fcbersetzt. Ihr Engagement f\u00fcr Dialog und Ausgleich, welches sie als Notwendigkeit einer humanistischen Perspektive sah, zeichnete sie besonders aus. Sie setzte sich gegen die Benachteiligung sowie Ungleichbehandlung von Frauen, gegen Armut, Klassenhierarchien, Antisemitismus oder andere Formen der Diskriminierung, Nationalismus und religi\u00f6sen Fanatismus ein. Ihr wird nachgesagt, dass sie eine Inspiration f\u00fcr Alfred Nobel war, den Nobelpreis f\u00fcr Frieden ins Leben zu rufen laut dem Bertha von Suttner Studienwerk.<\/div><\/div><div class=\"x11i5rnm xat24cr x1mh8g0r x1vvkbs xtlvy1s x126k92a\"><div dir=\"auto\">Von ihr stammt das bekannte Zitat: &#8222;Rache und immer wieder Rache! Keinem vern\u00fcnftigen Menschen wird es einfallen, Tintenflecken mit Tinte, \u00d6lflecken mit \u00d6l wegwaschen zu wollen. Nur Blut, das soll immer wieder mit Blut ausgewaschen werden.&#8220;<\/div><\/div><div class=\"x11i5rnm xat24cr x1mh8g0r x1vvkbs xtlvy1s x126k92a\"><div dir=\"auto\">Diese Worte haben nach wie vor eine gro\u00dfe Relevanz und sollten daran erinnern, dass Krieg uns\u00e4gliches Leiden verursacht und immer versucht werden muss einen Weg zu finden der das Blutvergie\u00dfen Unschuldiger vermeidet!<\/div><\/div>\t\t\t\t\t\t\t\t<\/div>\n\t\t\t\t<\/div>\n\t\t\t\t\t<\/div>\n\t\t<\/div>\n\t\t\t\t\t<\/div>\n\t\t<\/section>\n\t\t\t\t<section class=\"elementor-section elementor-top-section elementor-element elementor-element-3370c36 elementor-section-boxed elementor-section-height-default elementor-section-height-default\" data-id=\"3370c36\" data-element_type=\"section\">\n\t\t\t\t\t\t<div class=\"elementor-container elementor-column-gap-default\">\n\t\t\t\t\t<div class=\"elementor-column elementor-col-100 elementor-top-column elementor-element elementor-element-6de3491\" data-id=\"6de3491\" data-element_type=\"column\">\n\t\t\t<div class=\"elementor-widget-wrap elementor-element-populated\">\n\t\t\t\t\t\t<div class=\"elementor-element elementor-element-8a50f11 elementor-widget__width-initial elementor-widget elementor-widget-text-editor\" data-id=\"8a50f11\" data-element_type=\"widget\" data-widget_type=\"text-editor.default\">\n\t\t\t\t<div class=\"elementor-widget-container\">\n\t\t\t\t\t\t\t\t\t<p style=\"text-align: right;\">Datum: 27. Oktober 2023<\/p>\t\t\t\t\t\t\t\t<\/div>\n\t\t\t\t<\/div>\n\t\t\t\t<div class=\"elementor-element elementor-element-2012d45 e-grid-align-left elementor-grid-1 elementor-shape-rounded elementor-invisible elementor-widget elementor-widget-social-icons\" data-id=\"2012d45\" data-element_type=\"widget\" data-settings=\"{&quot;_animation&quot;:&quot;zoomInUp&quot;}\" data-widget_type=\"social-icons.default\">\n\t\t\t\t<div class=\"elementor-widget-container\">\n\t\t\t\t\t\t\t<div class=\"elementor-social-icons-wrapper elementor-grid\">\n\t\t\t\t\t\t\t<span class=\"elementor-grid-item\">\n\t\t\t\t\t<a class=\"elementor-icon elementor-social-icon elementor-social-icon-facebook elementor-animation-pop elementor-repeater-item-9a7555e\" href=\"https:\/\/www.facebook.com\/profile.php?id=100087309576070\" target=\"_blank\">\n\t\t\t\t\t\t<span class=\"elementor-screen-only\">Facebook<\/span>\n\t\t\t\t\t\t<i class=\"fab fa-facebook\"><\/i>\t\t\t\t\t<\/a>\n\t\t\t\t<\/span>\n\t\t\t\t\t<\/div>\n\t\t\t\t\t\t<\/div>\n\t\t\t\t<\/div>\n\t\t\t\t<div class=\"elementor-element elementor-element-5b291f2 elementor-invisible elementor-widget elementor-widget-html\" data-id=\"5b291f2\" data-element_type=\"widget\" data-settings=\"{&quot;_animation&quot;:&quot;zoomInUp&quot;}\" data-widget_type=\"html.default\">\n\t\t\t\t<div class=\"elementor-widget-container\">\n\t\t\t\t\t<div id=\"fb-root\"><\/div>\n<script async defer crossorigin=\"anonymous\" src=\"https:\/\/connect.facebook.net\/de_DE\/sdk.js#xfbml=1&version=v15.0&appId=1303074663797403&autoLogAppEvents=1\" nonce=\"DHhOO0Bo\"><\/script>\n<div class=\"fb-post\" data-href=\"https:\/\/www.facebook.com\/permalink.php?story_fbid=pfbid0sXu2ZiHsbnmpvVpFNAYQJ38ji4N3rDK9pr3wZXigVG5YZD8Kodp2rfYSYVU9kjmAl&amp;id=100087309576070\" data-width=\"750\" data-show-text=\"true\"><blockquote cite=\"https:\/\/www.facebook.com\/permalink.php?story_fbid=290123520574632&amp;id=100087309576070\" class=\"fb-xfbml-parse-ignore\"><p>Der erste Friedensnobelpreis, der je an eine Frau vergeben wurde, ging im Jahr 1905 an Bertha von Suttner (1843-1901)....<\/p>Gepostet von <a href=\"https:\/\/www.facebook.com\/people\/Marisas-Blog-Diskussionsforum-Stiftung-Gewaltfreies-Leben\/100087309576070\/\">Marisa&#039;s Blog Diskussionsforum - Stiftung Gewaltfreies Leben<\/a> am&nbsp;<a href=\"https:\/\/www.facebook.com\/permalink.php?story_fbid=290123520574632&amp;id=100087309576070\">Donnerstag, 26. Oktober 2023<\/a><\/blockquote><\/div>\t\t\t\t<\/div>\n\t\t\t\t<\/div>\n\t\t\t\t\t<\/div>\n\t\t<\/div>\n\t\t\t\t\t<\/div>\n\t\t<\/section>\n\t\t\t\t<\/div>\n\t\t","protected":false},"excerpt":{"rendered":"<p>Der erste Friedensnobelpreis, der je an eine Frau vergeben wurde, ging im Jahr 1905 an Bertha von Suttner (1843-1901). Sie war bekannt als Schriftstellerin, bekennende Pazifisten und Friedensforscherin. Mit ihrem pazifistisch orientierten Roman &#8222;Die Waffen nieder!&#8220; wurde sie zu einer prominenten Vertreterin der Friedensbewegung. Es galt als eines der wichtigsten Werke der Antikriegsliteratur und wurde &hellip;<\/p>\n","protected":false},"author":2,"featured_media":0,"parent":15,"menu_order":0,"comment_status":"closed","ping_status":"closed","template":"","meta":{"footnotes":""},"aioseo_notices":[],"_links":{"self":[{"href":"https:\/\/stiftung-gewaltfreies-leben.de\/index.php\/wp-json\/wp\/v2\/pages\/1305"}],"collection":[{"href":"https:\/\/stiftung-gewaltfreies-leben.de\/index.php\/wp-json\/wp\/v2\/pages"}],"about":[{"href":"https:\/\/stiftung-gewaltfreies-leben.de\/index.php\/wp-json\/wp\/v2\/types\/page"}],"author":[{"embeddable":true,"href":"https:\/\/stiftung-gewaltfreies-leben.de\/index.php\/wp-json\/wp\/v2\/users\/2"}],"replies":[{"embeddable":true,"href":"https:\/\/stiftung-gewaltfreies-leben.de\/index.php\/wp-json\/wp\/v2\/comments?post=1305"}],"version-history":[{"count":4,"href":"https:\/\/stiftung-gewaltfreies-leben.de\/index.php\/wp-json\/wp\/v2\/pages\/1305\/revisions"}],"predecessor-version":[{"id":1309,"href":"https:\/\/stiftung-gewaltfreies-leben.de\/index.php\/wp-json\/wp\/v2\/pages\/1305\/revisions\/1309"}],"up":[{"embeddable":true,"href":"https:\/\/stiftung-gewaltfreies-leben.de\/index.php\/wp-json\/wp\/v2\/pages\/15"}],"wp:attachment":[{"href":"https:\/\/stiftung-gewaltfreies-leben.de\/index.php\/wp-json\/wp\/v2\/media?parent=1305"}],"curies":[{"name":"wp","href":"https:\/\/api.w.org\/{rel}","templated":true}]}}

Bertha von Suttner &#8211; erste Frau als Friedensnobelpreisträgerin

<div data-elementor-type="wp-page" data-elementor-id="1305" class="elementor elementor-1305">
						<section class="elementor-section elementor-top-section elementor-element elementor-element-da27426 elementor-section-boxed elementor-section-height-default elementor-section-height-default" data-id="da27426" data-element_type="section">
						<div class="elementor-container elementor-column-gap-default">
					<div class="elementor-column elementor-col-100 elementor-top-column elementor-element elementor-element-3aaeca3" data-id="3aaeca3" data-element_type="column">
			<div class="elementor-widget-wrap elementor-element-populated">
						<div class="elementor-element elementor-element-0057199 elementor-invisible elementor-widget elementor-widget-text-editor" data-id="0057199" data-element_type="widget" data-settings="{&quot;_animation&quot;:&quot;zoomInRight&quot;}" data-widget_type="text-editor.default">
				<div class="elementor-widget-container">
									<div class="xdj266r x11i5rnm xat24cr x1mh8g0r x1vvkbs x126k92a"><div dir="auto">Der erste Friedensnobelpreis, der je an eine Frau vergeben wurde, ging im Jahr 1905 an Bertha von Suttner (1843-1901). Sie war bekannt als Schriftstellerin, bekennende Pazifisten und Friedensforscherin. Mit ihrem pazifistisch orientierten Roman &#8222;Die Waffen nieder!&#8220; wurde sie zu einer prominenten Vertreterin der Friedensbewegung. Es galt als eines der wichtigsten Werke der Antikriegsliteratur und wurde in 15 Sprachen übersetzt. Ihr Engagement für Dialog und Ausgleich, welches sie als Notwendigkeit einer humanistischen Perspektive sah, zeichnete sie besonders aus. Sie setzte sich gegen die Benachteiligung sowie Ungleichbehandlung von Frauen, gegen Armut, Klassenhierarchien, Antisemitismus oder andere Formen der Diskriminierung, Nationalismus und religiösen Fanatismus ein. Ihr wird nachgesagt, dass sie eine Inspiration für Alfred Nobel war, den Nobelpreis für Frieden ins Leben zu rufen laut dem Bertha von Suttner Studienwerk.</div></div><div class="x11i5rnm xat24cr x1mh8g0r x1vvkbs xtlvy1s x126k92a"><div dir="auto">Von ihr stammt das bekannte Zitat: &#8222;Rache und immer wieder Rache! Keinem vernünftigen Menschen wird es einfallen, Tintenflecken mit Tinte, Ölflecken mit Öl wegwaschen zu wollen. Nur Blut, das soll immer wieder mit Blut ausgewaschen werden.&#8220;</div></div><div class="x11i5rnm xat24cr x1mh8g0r x1vvkbs xtlvy1s x126k92a"><div dir="auto">Diese Worte haben nach wie vor eine große Relevanz und sollten daran erinnern, dass Krieg unsägliches Leiden verursacht und immer versucht werden muss einen Weg zu finden der das Blutvergießen Unschuldiger vermeidet!</div></div>								</div>
				</div>
					</div>
		</div>
					</div>
		</section>
				<section class="elementor-section elementor-top-section elementor-element elementor-element-3370c36 elementor-section-boxed elementor-section-height-default elementor-section-height-default" data-id="3370c36" data-element_type="section">
						<div class="elementor-container elementor-column-gap-default">
					<div class="elementor-column elementor-col-100 elementor-top-column elementor-element elementor-element-6de3491" data-id="6de3491" data-element_type="column">
			<div class="elementor-widget-wrap elementor-element-populated">
						<div class="elementor-element elementor-element-8a50f11 elementor-widget__width-initial elementor-widget elementor-widget-text-editor" data-id="8a50f11" data-element_type="widget" data-widget_type="text-editor.default">
				<div class="elementor-widget-container">
									<p style="text-align: right;">Datum: 27. Oktober 2023</p>								</div>
				</div>
				<div class="elementor-element elementor-element-2012d45 e-grid-align-left elementor-grid-1 elementor-shape-rounded elementor-invisible elementor-widget elementor-widget-social-icons" data-id="2012d45" data-element_type="widget" data-settings="{&quot;_animation&quot;:&quot;zoomInUp&quot;}" data-widget_type="social-icons.default">
				<div class="elementor-widget-container">
							<div class="elementor-social-icons-wrapper elementor-grid">
							<span class="elementor-grid-item">
					<a class="elementor-icon elementor-social-icon elementor-social-icon-facebook elementor-animation-pop elementor-repeater-item-9a7555e" href="https://www.facebook.com/profile.php?id=100087309576070" target="_blank">
						<span class="elementor-screen-only">Facebook</span>
						<i class="fab fa-facebook"></i>					</a>
				</span>
					</div>
						</div>
				</div>
				<div class="elementor-element elementor-element-5b291f2 elementor-invisible elementor-widget elementor-widget-html" data-id="5b291f2" data-element_type="widget" data-settings="{&quot;_animation&quot;:&quot;zoomInUp&quot;}" data-widget_type="html.default">
				<div class="elementor-widget-container">
					<div id="fb-root"></div>
<script async defer crossorigin="anonymous" src="https://connect.facebook.net/de_DE/sdk.js#xfbml=1&version=v15.0&appId=1303074663797403&autoLogAppEvents=1" nonce="DHhOO0Bo"></script>
<div class="fb-post" data-href="https://www.facebook.com/permalink.php?story_fbid=pfbid0sXu2ZiHsbnmpvVpFNAYQJ38ji4N3rDK9pr3wZXigVG5YZD8Kodp2rfYSYVU9kjmAl&amp;id=100087309576070" data-width="750" data-show-text="true"><blockquote cite="https://www.facebook.com/permalink.php?story_fbid=290123520574632&amp;id=100087309576070" class="fb-xfbml-parse-ignore"><p>Der erste Friedensnobelpreis, der je an eine Frau vergeben wurde, ging im Jahr 1905 an Bertha von Suttner (1843-1901)....</p>Gepostet von <a href="https://www.facebook.com/people/Marisas-Blog-Diskussionsforum-Stiftung-Gewaltfreies-Leben/100087309576070/">Marisa&#039;s Blog Diskussionsforum - Stiftung Gewaltfreies Leben</a> am&nbsp;<a href="https://www.facebook.com/permalink.php?story_fbid=290123520574632&amp;id=100087309576070">Donnerstag, 26. Oktober 2023</a></blockquote></div>				</div>
				</div>
					</div>
		</div>
					</div>
		</section>
				</div>
