{"id":1278,"date":"2023-10-06T14:43:41","date_gmt":"2023-10-06T12:43:41","guid":{"rendered":"https:\/\/stiftung-gewaltfreies-leben.de\/?page_id=1278"},"modified":"2023-10-09T14:46:17","modified_gmt":"2023-10-09T12:46:17","slug":"schnittstelle-migration-und-behinderung-benoetigt-mehr-politische-beachtung","status":"publish","type":"page","link":"https:\/\/stiftung-gewaltfreies-leben.de\/index.php\/blog-marisa\/schnittstelle-migration-und-behinderung-benoetigt-mehr-politische-beachtung\/","title":{"rendered":"Schnittstelle Migration und Behinderung ben\u00f6tigt mehr politische Beachtung"},"content":{"rendered":"\t\t<div data-elementor-type=\"wp-page\" data-elementor-id=\"1278\" class=\"elementor elementor-1278\">\n\t\t\t\t\t\t<section class=\"elementor-section elementor-top-section elementor-element elementor-element-da27426 elementor-section-boxed elementor-section-height-default elementor-section-height-default\" data-id=\"da27426\" data-element_type=\"section\">\n\t\t\t\t\t\t<div class=\"elementor-container elementor-column-gap-default\">\n\t\t\t\t\t<div class=\"elementor-column elementor-col-100 elementor-top-column elementor-element elementor-element-3aaeca3\" data-id=\"3aaeca3\" data-element_type=\"column\">\n\t\t\t<div class=\"elementor-widget-wrap elementor-element-populated\">\n\t\t\t\t\t\t<div class=\"elementor-element elementor-element-0057199 elementor-invisible elementor-widget elementor-widget-text-editor\" data-id=\"0057199\" data-element_type=\"widget\" data-settings=\"{&quot;_animation&quot;:&quot;zoomInRight&quot;}\" data-widget_type=\"text-editor.default\">\n\t\t\t\t<div class=\"elementor-widget-container\">\n\t\t\t\t\t\t\t\t\t<div data-block=\"true\" data-editor=\"a52jr\" data-offset-key=\"2i1ud-0-0\"><div data-offset-key=\"2i1ud-0-0\">In Deutschland werden keine Daten dazu erfasst, wie viele Menschen mit Flucht- oder Migrationshintergrund von Behinderungen betroffen sind. Sch\u00e4tzungen gehen von 10 bis 15 Prozent aller Gefl\u00fcchteten aus. Menschen mit einer Behinderung haben oftmals besondere Bedarfe, nicht nur in ihrem Alltag, sondern auch hinsichtlich Beratungsangeboten. So gibt es zwar einerseits in fast jeder gr\u00f6\u00dferen Region Beratungsangebote f\u00fcr Menschen mit Behinderung oder Migrationsberatungsstellen, doch Angebote, welche diese Schnittstelle vereinen sind eine Seltenheit. Wenn es diese Angebote gibt sind diese zudem oftmals \u00fcber Projektarbeit finanziert und finden keine eigenst\u00e4ndige staatliche Finanzierung, die sicherstellt, dass das Angebot fl\u00e4chendeckend verf\u00fcgbar ist. Trotz des hohen Bedarfs finden so viele Menschen keine Ansprechpartner, denn Beratungsangeboten f\u00fcr Menschen mit Behinderung haben oftmals keine Expertise bei den rechtlichen und kulturspezifischen Bedarfen von Menschen mit Flucht- oder Migrationshintergrund, z.B. dass oftmals eine \u00dcbersetzung oder Ausf\u00fcllhilfe f\u00fcr Antr\u00e4ge wie den Schwerbehindertenausweis notwendig ist oder dass je nach Aufenthaltsstatus und L\u00e4nge des Aufenthalts unterschiedliche Anspr\u00fcche bestehen, w\u00e4hrend migrationsspezifische Angebote oft keine Expertise bzgl. der Aspekte der Behinderung mitbringen, da sich Angebote oftmals eher aufenthaltsrechtlichen Fragen widmen und nicht der Frage, welche Anspr\u00fcche f\u00fcr Schwerbehinderte Personen bestehen oder welche Unterst\u00fctzungsm\u00f6glichkeiten es gibt.<\/div><\/div><div data-block=\"true\" data-editor=\"a52jr\" data-offset-key=\"d48nf-0-0\"><div data-offset-key=\"d48nf-0-0\">Experten berichten, dass die UN-Behindertenrechtskonvention in Deutschland nur mangelhaft erf\u00fcllt wird, unter anderem weil die Belange von Gefl\u00fcchteten und migrieren Menschen nicht ausreichend beachtet werden.<\/div><\/div>\t\t\t\t\t\t\t\t<\/div>\n\t\t\t\t<\/div>\n\t\t\t\t\t<\/div>\n\t\t<\/div>\n\t\t\t\t\t<\/div>\n\t\t<\/section>\n\t\t\t\t<section class=\"elementor-section elementor-top-section elementor-element elementor-element-3370c36 elementor-section-boxed elementor-section-height-default elementor-section-height-default\" data-id=\"3370c36\" data-element_type=\"section\">\n\t\t\t\t\t\t<div class=\"elementor-container elementor-column-gap-default\">\n\t\t\t\t\t<div class=\"elementor-column elementor-col-100 elementor-top-column elementor-element elementor-element-6de3491\" data-id=\"6de3491\" data-element_type=\"column\">\n\t\t\t<div class=\"elementor-widget-wrap elementor-element-populated\">\n\t\t\t\t\t\t<div class=\"elementor-element elementor-element-8a50f11 elementor-widget elementor-widget-text-editor\" data-id=\"8a50f11\" data-element_type=\"widget\" data-widget_type=\"text-editor.default\">\n\t\t\t\t<div class=\"elementor-widget-container\">\n\t\t\t\t\t\t\t\t\t<p style=\"text-align: right;\">Datum: 06. September 2023<\/p>\t\t\t\t\t\t\t\t<\/div>\n\t\t\t\t<\/div>\n\t\t\t\t<div class=\"elementor-element elementor-element-2012d45 e-grid-align-left elementor-grid-1 elementor-shape-rounded elementor-invisible elementor-widget elementor-widget-social-icons\" data-id=\"2012d45\" data-element_type=\"widget\" data-settings=\"{&quot;_animation&quot;:&quot;zoomInUp&quot;}\" data-widget_type=\"social-icons.default\">\n\t\t\t\t<div class=\"elementor-widget-container\">\n\t\t\t\t\t\t\t<div class=\"elementor-social-icons-wrapper elementor-grid\">\n\t\t\t\t\t\t\t<span class=\"elementor-grid-item\">\n\t\t\t\t\t<a class=\"elementor-icon elementor-social-icon elementor-social-icon-facebook elementor-animation-pop elementor-repeater-item-9a7555e\" href=\"https:\/\/www.facebook.com\/profile.php?id=100087309576070\" target=\"_blank\">\n\t\t\t\t\t\t<span class=\"elementor-screen-only\">Facebook<\/span>\n\t\t\t\t\t\t<i class=\"fab fa-facebook\"><\/i>\t\t\t\t\t<\/a>\n\t\t\t\t<\/span>\n\t\t\t\t\t<\/div>\n\t\t\t\t\t\t<\/div>\n\t\t\t\t<\/div>\n\t\t\t\t<div class=\"elementor-element elementor-element-5b291f2 elementor-invisible elementor-widget elementor-widget-html\" data-id=\"5b291f2\" data-element_type=\"widget\" data-settings=\"{&quot;_animation&quot;:&quot;zoomInUp&quot;}\" data-widget_type=\"html.default\">\n\t\t\t\t<div class=\"elementor-widget-container\">\n\t\t\t\t\t<div id=\"fb-root\"><\/div>\n<script async defer crossorigin=\"anonymous\" src=\"https:\/\/connect.facebook.net\/de_DE\/sdk.js#xfbml=1&version=v15.0&appId=1303074663797403&autoLogAppEvents=1\" nonce=\"DHhOO0Bo\"><\/script>\n <div class=\"fb-post\" data-href=\"https:\/\/www.facebook.com\/permalink.php?story_fbid=pfbid0VeeXAfQjwVhhx6Tb7fPksFEEidi9WbDx48ZhiQvvVf5etPbWEgjVs9MmS8xUg51wl&amp;id=100087309576070\" data-width=\"750\" data-show-text=\"true\"><blockquote cite=\"https:\/\/www.facebook.com\/permalink.php?story_fbid=278237188429932&amp;id=100087309576070\" class=\"fb-xfbml-parse-ignore\"><p>Die Schnittstelle Migration und Behinderung findet keine Beachtung in der Politik\n\nIn Deutschland werden keine Daten...<\/p>Gepostet von <a href=\"https:\/\/www.facebook.com\/people\/Marisas-Blog-Diskussionsforum-Stiftung-Gewaltfreies-Leben\/100087309576070\/\">Marisa&#039;s Blog Diskussionsforum - Stiftung Gewaltfreies Leben<\/a> am&nbsp;<a href=\"https:\/\/www.facebook.com\/permalink.php?story_fbid=278237188429932&amp;id=100087309576070\">Freitag, 6. Oktober 2023<\/a><\/blockquote><\/div>\t\t\t\t<\/div>\n\t\t\t\t<\/div>\n\t\t\t\t\t<\/div>\n\t\t<\/div>\n\t\t\t\t\t<\/div>\n\t\t<\/section>\n\t\t\t\t<\/div>\n\t\t","protected":false},"excerpt":{"rendered":"<p>In Deutschland werden keine Daten dazu erfasst, wie viele Menschen mit Flucht- oder Migrationshintergrund von Behinderungen betroffen sind. Sch\u00e4tzungen gehen von 10 bis 15 Prozent aller Gefl\u00fcchteten aus. Menschen mit einer Behinderung haben oftmals besondere Bedarfe, nicht nur in ihrem Alltag, sondern auch hinsichtlich Beratungsangeboten. So gibt es zwar einerseits in fast jeder gr\u00f6\u00dferen Region &hellip;<\/p>\n","protected":false},"author":2,"featured_media":0,"parent":15,"menu_order":0,"comment_status":"closed","ping_status":"closed","template":"","meta":{"footnotes":""},"aioseo_notices":[],"_links":{"self":[{"href":"https:\/\/stiftung-gewaltfreies-leben.de\/index.php\/wp-json\/wp\/v2\/pages\/1278"}],"collection":[{"href":"https:\/\/stiftung-gewaltfreies-leben.de\/index.php\/wp-json\/wp\/v2\/pages"}],"about":[{"href":"https:\/\/stiftung-gewaltfreies-leben.de\/index.php\/wp-json\/wp\/v2\/types\/page"}],"author":[{"embeddable":true,"href":"https:\/\/stiftung-gewaltfreies-leben.de\/index.php\/wp-json\/wp\/v2\/users\/2"}],"replies":[{"embeddable":true,"href":"https:\/\/stiftung-gewaltfreies-leben.de\/index.php\/wp-json\/wp\/v2\/comments?post=1278"}],"version-history":[{"count":5,"href":"https:\/\/stiftung-gewaltfreies-leben.de\/index.php\/wp-json\/wp\/v2\/pages\/1278\/revisions"}],"predecessor-version":[{"id":1284,"href":"https:\/\/stiftung-gewaltfreies-leben.de\/index.php\/wp-json\/wp\/v2\/pages\/1278\/revisions\/1284"}],"up":[{"embeddable":true,"href":"https:\/\/stiftung-gewaltfreies-leben.de\/index.php\/wp-json\/wp\/v2\/pages\/15"}],"wp:attachment":[{"href":"https:\/\/stiftung-gewaltfreies-leben.de\/index.php\/wp-json\/wp\/v2\/media?parent=1278"}],"curies":[{"name":"wp","href":"https:\/\/api.w.org\/{rel}","templated":true}]}}

Schnittstelle Migration und Behinderung benötigt mehr politische Beachtung

<div data-elementor-type="wp-page" data-elementor-id="1278" class="elementor elementor-1278">
						<section class="elementor-section elementor-top-section elementor-element elementor-element-da27426 elementor-section-boxed elementor-section-height-default elementor-section-height-default" data-id="da27426" data-element_type="section">
						<div class="elementor-container elementor-column-gap-default">
					<div class="elementor-column elementor-col-100 elementor-top-column elementor-element elementor-element-3aaeca3" data-id="3aaeca3" data-element_type="column">
			<div class="elementor-widget-wrap elementor-element-populated">
						<div class="elementor-element elementor-element-0057199 elementor-invisible elementor-widget elementor-widget-text-editor" data-id="0057199" data-element_type="widget" data-settings="{&quot;_animation&quot;:&quot;zoomInRight&quot;}" data-widget_type="text-editor.default">
				<div class="elementor-widget-container">
									<div data-block="true" data-editor="a52jr" data-offset-key="2i1ud-0-0"><div data-offset-key="2i1ud-0-0">In Deutschland werden keine Daten dazu erfasst, wie viele Menschen mit Flucht- oder Migrationshintergrund von Behinderungen betroffen sind. Schätzungen gehen von 10 bis 15 Prozent aller Geflüchteten aus. Menschen mit einer Behinderung haben oftmals besondere Bedarfe, nicht nur in ihrem Alltag, sondern auch hinsichtlich Beratungsangeboten. So gibt es zwar einerseits in fast jeder größeren Region Beratungsangebote für Menschen mit Behinderung oder Migrationsberatungsstellen, doch Angebote, welche diese Schnittstelle vereinen sind eine Seltenheit. Wenn es diese Angebote gibt sind diese zudem oftmals über Projektarbeit finanziert und finden keine eigenständige staatliche Finanzierung, die sicherstellt, dass das Angebot flächendeckend verfügbar ist. Trotz des hohen Bedarfs finden so viele Menschen keine Ansprechpartner, denn Beratungsangeboten für Menschen mit Behinderung haben oftmals keine Expertise bei den rechtlichen und kulturspezifischen Bedarfen von Menschen mit Flucht- oder Migrationshintergrund, z.B. dass oftmals eine Übersetzung oder Ausfüllhilfe für Anträge wie den Schwerbehindertenausweis notwendig ist oder dass je nach Aufenthaltsstatus und Länge des Aufenthalts unterschiedliche Ansprüche bestehen, während migrationsspezifische Angebote oft keine Expertise bzgl. der Aspekte der Behinderung mitbringen, da sich Angebote oftmals eher aufenthaltsrechtlichen Fragen widmen und nicht der Frage, welche Ansprüche für Schwerbehinderte Personen bestehen oder welche Unterstützungsmöglichkeiten es gibt.</div></div><div data-block="true" data-editor="a52jr" data-offset-key="d48nf-0-0"><div data-offset-key="d48nf-0-0">Experten berichten, dass die UN-Behindertenrechtskonvention in Deutschland nur mangelhaft erfüllt wird, unter anderem weil die Belange von Geflüchteten und migrieren Menschen nicht ausreichend beachtet werden.</div></div>								</div>
				</div>
					</div>
		</div>
					</div>
		</section>
				<section class="elementor-section elementor-top-section elementor-element elementor-element-3370c36 elementor-section-boxed elementor-section-height-default elementor-section-height-default" data-id="3370c36" data-element_type="section">
						<div class="elementor-container elementor-column-gap-default">
					<div class="elementor-column elementor-col-100 elementor-top-column elementor-element elementor-element-6de3491" data-id="6de3491" data-element_type="column">
			<div class="elementor-widget-wrap elementor-element-populated">
						<div class="elementor-element elementor-element-8a50f11 elementor-widget elementor-widget-text-editor" data-id="8a50f11" data-element_type="widget" data-widget_type="text-editor.default">
				<div class="elementor-widget-container">
									<p style="text-align: right;">Datum: 06. September 2023</p>								</div>
				</div>
				<div class="elementor-element elementor-element-2012d45 e-grid-align-left elementor-grid-1 elementor-shape-rounded elementor-invisible elementor-widget elementor-widget-social-icons" data-id="2012d45" data-element_type="widget" data-settings="{&quot;_animation&quot;:&quot;zoomInUp&quot;}" data-widget_type="social-icons.default">
				<div class="elementor-widget-container">
							<div class="elementor-social-icons-wrapper elementor-grid">
							<span class="elementor-grid-item">
					<a class="elementor-icon elementor-social-icon elementor-social-icon-facebook elementor-animation-pop elementor-repeater-item-9a7555e" href="https://www.facebook.com/profile.php?id=100087309576070" target="_blank">
						<span class="elementor-screen-only">Facebook</span>
						<i class="fab fa-facebook"></i>					</a>
				</span>
					</div>
						</div>
				</div>
				<div class="elementor-element elementor-element-5b291f2 elementor-invisible elementor-widget elementor-widget-html" data-id="5b291f2" data-element_type="widget" data-settings="{&quot;_animation&quot;:&quot;zoomInUp&quot;}" data-widget_type="html.default">
				<div class="elementor-widget-container">
					<div id="fb-root"></div>
<script async defer crossorigin="anonymous" src="https://connect.facebook.net/de_DE/sdk.js#xfbml=1&version=v15.0&appId=1303074663797403&autoLogAppEvents=1" nonce="DHhOO0Bo"></script>
 <div class="fb-post" data-href="https://www.facebook.com/permalink.php?story_fbid=pfbid0VeeXAfQjwVhhx6Tb7fPksFEEidi9WbDx48ZhiQvvVf5etPbWEgjVs9MmS8xUg51wl&amp;id=100087309576070" data-width="750" data-show-text="true"><blockquote cite="https://www.facebook.com/permalink.php?story_fbid=278237188429932&amp;id=100087309576070" class="fb-xfbml-parse-ignore"><p>Die Schnittstelle Migration und Behinderung findet keine Beachtung in der Politik

In Deutschland werden keine Daten...</p>Gepostet von <a href="https://www.facebook.com/people/Marisas-Blog-Diskussionsforum-Stiftung-Gewaltfreies-Leben/100087309576070/">Marisa&#039;s Blog Diskussionsforum - Stiftung Gewaltfreies Leben</a> am&nbsp;<a href="https://www.facebook.com/permalink.php?story_fbid=278237188429932&amp;id=100087309576070">Freitag, 6. Oktober 2023</a></blockquote></div>				</div>
				</div>
					</div>
		</div>
					</div>
		</section>
				</div>

<p>In Deutschland werden keine Daten dazu erfasst, wie viele Menschen mit Flucht- oder Migrationshintergrund von Behinderungen betroffen sind. Schätzungen gehen von 10 bis 15 Prozent aller Geflüchteten aus. Menschen mit einer Behinderung haben oftmals besondere Bedarfe, nicht nur in ihrem Alltag, sondern auch hinsichtlich Beratungsangeboten. So gibt es zwar einerseits in fast jeder größeren Region &hellip;</p>
