{"id":1164,"date":"2023-06-25T17:29:38","date_gmt":"2023-06-25T15:29:38","guid":{"rendered":"https:\/\/stiftung-gewaltfreies-leben.de\/?page_id=1164"},"modified":"2023-07-20T23:43:44","modified_gmt":"2023-07-20T21:43:44","slug":"afd-in-sonneberg","status":"publish","type":"page","link":"https:\/\/stiftung-gewaltfreies-leben.de\/index.php\/blog-marisa\/afd-in-sonneberg\/","title":{"rendered":"AFD in Sonneberg"},"content":{"rendered":"\t\t<div data-elementor-type=\"wp-page\" data-elementor-id=\"1164\" class=\"elementor elementor-1164\">\n\t\t\t\t\t\t<section class=\"elementor-section elementor-top-section elementor-element elementor-element-da27426 elementor-section-boxed elementor-section-height-default elementor-section-height-default\" data-id=\"da27426\" data-element_type=\"section\">\n\t\t\t\t\t\t<div class=\"elementor-container elementor-column-gap-default\">\n\t\t\t\t\t<div class=\"elementor-column elementor-col-100 elementor-top-column elementor-element elementor-element-3aaeca3\" data-id=\"3aaeca3\" data-element_type=\"column\">\n\t\t\t<div class=\"elementor-widget-wrap elementor-element-populated\">\n\t\t\t\t\t\t<div class=\"elementor-element elementor-element-0057199 elementor-widget elementor-widget-text-editor\" data-id=\"0057199\" data-element_type=\"widget\" data-widget_type=\"text-editor.default\">\n\t\t\t\t<div class=\"elementor-widget-container\">\n\t\t\t\t\t\t\t\t\tDie Zahlen der AFD sind besorgniserregend und nun wird es in Sonneberg noch einen Landrat der AFD geben. Das sollte uns zu denken geben, wo Strategien gescheitert sind Menschen noch zu erreichen. Ich denke gerade durch solche Entwicklungen ist es wichtiger denn je, dass wir in Dialog treten mit Menschen, die aus Entt\u00e4uschung \u00fcber die gegenw\u00e4rtige Politik zu AFD W\u00e4hlern wurden. Wir d\u00fcrfen nicht aus Angst und Verachtung vergessen, dass diese Menschen auch \u00fcberzeugt werden k\u00f6nnen, dass die AFD keine echte Alternative ist. Man macht es sich zu einfach jeden als N*zi zu bezeichnen und wird damit auch niemanden davon abbringen k\u00f6nnen, im Gegenteil man wird damit die Rechte st\u00e4rken. Aufkl\u00e4rung was im kleingedruckten des Wahlprogramme steht, Aufkl\u00e4rung, dass die Partei keine Partei des Kleinen Mannes ist, sondern dessen Lage versch\u00e4rfen wird. Das ist jetzt notwendiger denn je. Wir m\u00fcssen die Entt\u00e4uschung reflektieren, die die Menschen zu dieser Entscheidung bewogen hat!\t\t\t\t\t\t\t\t<\/div>\n\t\t\t\t<\/div>\n\t\t\t\t\t<\/div>\n\t\t<\/div>\n\t\t\t\t\t<\/div>\n\t\t<\/section>\n\t\t\t\t<section class=\"elementor-section elementor-top-section elementor-element elementor-element-3370c36 elementor-section-boxed elementor-section-height-default elementor-section-height-default\" data-id=\"3370c36\" data-element_type=\"section\">\n\t\t\t\t\t\t<div class=\"elementor-container elementor-column-gap-default\">\n\t\t\t\t\t<div class=\"elementor-column elementor-col-100 elementor-top-column elementor-element elementor-element-6de3491\" data-id=\"6de3491\" data-element_type=\"column\">\n\t\t\t<div class=\"elementor-widget-wrap elementor-element-populated\">\n\t\t\t\t\t\t<div class=\"elementor-element elementor-element-5b291f2 elementor-widget elementor-widget-html\" data-id=\"5b291f2\" data-element_type=\"widget\" data-widget_type=\"html.default\">\n\t\t\t\t<div class=\"elementor-widget-container\">\n\t\t\t\t\t<div id=\"fb-root\"><\/div>\n<script async defer crossorigin=\"anonymous\" src=\"https:\/\/connect.facebook.net\/de_DE\/sdk.js#xfbml=1&version=v15.0&appId=1303074663797403&autoLogAppEvents=1\" nonce=\"DHhOO0Bo\"><\/script>\n<div class=\"fb-post\" data-href=\"https:\/\/www.facebook.com\/permalink.php?story_fbid=pfbid0Nqh4RZkYVEspTR4K1jhu2zQKfzM41EdFeSA68NHaAQ19cZda9NJqe6FH6MkpJLvbl&amp;id=100087309576070\" data-width=\"750\" data-show-text=\"true\"><blockquote cite=\"https:\/\/www.facebook.com\/permalink.php?story_fbid=220455880874730&amp;id=100087309576070\" class=\"fb-xfbml-parse-ignore\"><p>Die Zahlen der AFD sind besorgniserregend und nun wird es in Sonneberg noch einen Landrat der AFD geben. Das sollte uns...<\/p>Gepostet von <a href=\"https:\/\/www.facebook.com\/people\/Marisas-Blog-Diskussionsforum-Stiftung-Gewaltfreies-Leben\/100087309576070\/\">Marisa&#039;s Blog Diskussionsforum - Stiftung Gewaltfreies Leben<\/a> am&nbsp;<a href=\"https:\/\/www.facebook.com\/permalink.php?story_fbid=220455880874730&amp;id=100087309576070\">Montag, 26. Juni 2023<\/a><\/blockquote><\/div>\t\t\t\t<\/div>\n\t\t\t\t<\/div>\n\t\t\t\t<div class=\"elementor-element elementor-element-2012d45 e-grid-align-right elementor-shape-rounded elementor-grid-0 elementor-widget elementor-widget-social-icons\" data-id=\"2012d45\" data-element_type=\"widget\" data-widget_type=\"social-icons.default\">\n\t\t\t\t<div class=\"elementor-widget-container\">\n\t\t\t\t\t\t\t<div class=\"elementor-social-icons-wrapper elementor-grid\">\n\t\t\t\t\t\t\t<span class=\"elementor-grid-item\">\n\t\t\t\t\t<a class=\"elementor-icon elementor-social-icon elementor-social-icon-facebook elementor-repeater-item-9a7555e\" href=\"https:\/\/www.facebook.com\/profile.php?id=100087309576070\" target=\"_blank\">\n\t\t\t\t\t\t<span class=\"elementor-screen-only\">Facebook<\/span>\n\t\t\t\t\t\t<i class=\"fab fa-facebook\"><\/i>\t\t\t\t\t<\/a>\n\t\t\t\t<\/span>\n\t\t\t\t\t<\/div>\n\t\t\t\t\t\t<\/div>\n\t\t\t\t<\/div>\n\t\t\t\t\t<\/div>\n\t\t<\/div>\n\t\t\t\t\t<\/div>\n\t\t<\/section>\n\t\t\t\t<\/div>\n\t\t","protected":false},"excerpt":{"rendered":"<p>Die Zahlen der AFD sind besorgniserregend und nun wird es in Sonneberg noch einen Landrat der AFD geben. Das sollte uns zu denken geben, wo Strategien gescheitert sind Menschen noch zu erreichen. Ich denke gerade durch solche Entwicklungen ist es wichtiger denn je, dass wir in Dialog treten mit Menschen, die aus Entt\u00e4uschung \u00fcber die &hellip;<\/p>\n","protected":false},"author":2,"featured_media":0,"parent":15,"menu_order":0,"comment_status":"closed","ping_status":"closed","template":"","meta":{"footnotes":""},"aioseo_notices":[],"_links":{"self":[{"href":"https:\/\/stiftung-gewaltfreies-leben.de\/index.php\/wp-json\/wp\/v2\/pages\/1164"}],"collection":[{"href":"https:\/\/stiftung-gewaltfreies-leben.de\/index.php\/wp-json\/wp\/v2\/pages"}],"about":[{"href":"https:\/\/stiftung-gewaltfreies-leben.de\/index.php\/wp-json\/wp\/v2\/types\/page"}],"author":[{"embeddable":true,"href":"https:\/\/stiftung-gewaltfreies-leben.de\/index.php\/wp-json\/wp\/v2\/users\/2"}],"replies":[{"embeddable":true,"href":"https:\/\/stiftung-gewaltfreies-leben.de\/index.php\/wp-json\/wp\/v2\/comments?post=1164"}],"version-history":[{"count":8,"href":"https:\/\/stiftung-gewaltfreies-leben.de\/index.php\/wp-json\/wp\/v2\/pages\/1164\/revisions"}],"predecessor-version":[{"id":1176,"href":"https:\/\/stiftung-gewaltfreies-leben.de\/index.php\/wp-json\/wp\/v2\/pages\/1164\/revisions\/1176"}],"up":[{"embeddable":true,"href":"https:\/\/stiftung-gewaltfreies-leben.de\/index.php\/wp-json\/wp\/v2\/pages\/15"}],"wp:attachment":[{"href":"https:\/\/stiftung-gewaltfreies-leben.de\/index.php\/wp-json\/wp\/v2\/media?parent=1164"}],"curies":[{"name":"wp","href":"https:\/\/api.w.org\/{rel}","templated":true}]}}

<div data-elementor-type="wp-page" data-elementor-id="1164" class="elementor elementor-1164">
						<section class="elementor-section elementor-top-section elementor-element elementor-element-da27426 elementor-section-boxed elementor-section-height-default elementor-section-height-default" data-id="da27426" data-element_type="section">
						<div class="elementor-container elementor-column-gap-default">
					<div class="elementor-column elementor-col-100 elementor-top-column elementor-element elementor-element-3aaeca3" data-id="3aaeca3" data-element_type="column">
			<div class="elementor-widget-wrap elementor-element-populated">
						<div class="elementor-element elementor-element-0057199 elementor-widget elementor-widget-text-editor" data-id="0057199" data-element_type="widget" data-widget_type="text-editor.default">
				<div class="elementor-widget-container">
									Die Zahlen der AFD sind besorgniserregend und nun wird es in Sonneberg noch einen Landrat der AFD geben. Das sollte uns zu denken geben, wo Strategien gescheitert sind Menschen noch zu erreichen. Ich denke gerade durch solche Entwicklungen ist es wichtiger denn je, dass wir in Dialog treten mit Menschen, die aus Enttäuschung über die gegenwärtige Politik zu AFD Wählern wurden. Wir dürfen nicht aus Angst und Verachtung vergessen, dass diese Menschen auch überzeugt werden können, dass die AFD keine echte Alternative ist. Man macht es sich zu einfach jeden als N*zi zu bezeichnen und wird damit auch niemanden davon abbringen können, im Gegenteil man wird damit die Rechte stärken. Aufklärung was im kleingedruckten des Wahlprogramme steht, Aufklärung, dass die Partei keine Partei des Kleinen Mannes ist, sondern dessen Lage verschärfen wird. Das ist jetzt notwendiger denn je. Wir müssen die Enttäuschung reflektieren, die die Menschen zu dieser Entscheidung bewogen hat!								</div>
				</div>
					</div>
		</div>
					</div>
		</section>
				<section class="elementor-section elementor-top-section elementor-element elementor-element-3370c36 elementor-section-boxed elementor-section-height-default elementor-section-height-default" data-id="3370c36" data-element_type="section">
						<div class="elementor-container elementor-column-gap-default">
					<div class="elementor-column elementor-col-100 elementor-top-column elementor-element elementor-element-6de3491" data-id="6de3491" data-element_type="column">
			<div class="elementor-widget-wrap elementor-element-populated">
						<div class="elementor-element elementor-element-5b291f2 elementor-widget elementor-widget-html" data-id="5b291f2" data-element_type="widget" data-widget_type="html.default">
				<div class="elementor-widget-container">
					<div id="fb-root"></div>
<script async defer crossorigin="anonymous" src="https://connect.facebook.net/de_DE/sdk.js#xfbml=1&version=v15.0&appId=1303074663797403&autoLogAppEvents=1" nonce="DHhOO0Bo"></script>
<div class="fb-post" data-href="https://www.facebook.com/permalink.php?story_fbid=pfbid0Nqh4RZkYVEspTR4K1jhu2zQKfzM41EdFeSA68NHaAQ19cZda9NJqe6FH6MkpJLvbl&amp;id=100087309576070" data-width="750" data-show-text="true"><blockquote cite="https://www.facebook.com/permalink.php?story_fbid=220455880874730&amp;id=100087309576070" class="fb-xfbml-parse-ignore"><p>Die Zahlen der AFD sind besorgniserregend und nun wird es in Sonneberg noch einen Landrat der AFD geben. Das sollte uns...</p>Gepostet von <a href="https://www.facebook.com/people/Marisas-Blog-Diskussionsforum-Stiftung-Gewaltfreies-Leben/100087309576070/">Marisa&#039;s Blog Diskussionsforum - Stiftung Gewaltfreies Leben</a> am&nbsp;<a href="https://www.facebook.com/permalink.php?story_fbid=220455880874730&amp;id=100087309576070">Montag, 26. Juni 2023</a></blockquote></div>				</div>
				</div>
				<div class="elementor-element elementor-element-2012d45 e-grid-align-right elementor-shape-rounded elementor-grid-0 elementor-widget elementor-widget-social-icons" data-id="2012d45" data-element_type="widget" data-widget_type="social-icons.default">
				<div class="elementor-widget-container">
							<div class="elementor-social-icons-wrapper elementor-grid">
							<span class="elementor-grid-item">
					<a class="elementor-icon elementor-social-icon elementor-social-icon-facebook elementor-repeater-item-9a7555e" href="https://www.facebook.com/profile.php?id=100087309576070" target="_blank">
						<span class="elementor-screen-only">Facebook</span>
						<i class="fab fa-facebook"></i>					</a>
				</span>
					</div>
						</div>
				</div>
					</div>
		</div>
					</div>
		</section>
				</div>

<p>Die Zahlen der AFD sind besorgniserregend und nun wird es in Sonneberg noch einen Landrat der AFD geben. Das sollte uns zu denken geben, wo Strategien gescheitert sind Menschen noch zu erreichen. Ich denke gerade durch solche Entwicklungen ist es wichtiger denn je, dass wir in Dialog treten mit Menschen, die aus Enttäuschung über die &hellip;</p>
