{"id":1152,"date":"2023-07-02T17:15:09","date_gmt":"2023-07-02T15:15:09","guid":{"rendered":"https:\/\/stiftung-gewaltfreies-leben.de\/?page_id=1152"},"modified":"2023-07-20T23:46:46","modified_gmt":"2023-07-20T21:46:46","slug":"erschreckende-vermoegensverteilung-in-deutschland","status":"publish","type":"page","link":"https:\/\/stiftung-gewaltfreies-leben.de\/index.php\/blog-marisa\/erschreckende-vermoegensverteilung-in-deutschland\/","title":{"rendered":"Erschreckende Verm\u00f6gensverteilung in Deutschland"},"content":{"rendered":"\t\t<div data-elementor-type=\"wp-page\" data-elementor-id=\"1152\" class=\"elementor elementor-1152\">\n\t\t\t\t\t\t<section class=\"elementor-section elementor-top-section elementor-element elementor-element-da27426 elementor-section-boxed elementor-section-height-default elementor-section-height-default\" data-id=\"da27426\" data-element_type=\"section\">\n\t\t\t\t\t\t<div class=\"elementor-container elementor-column-gap-default\">\n\t\t\t\t\t<div class=\"elementor-column elementor-col-100 elementor-top-column elementor-element elementor-element-3aaeca3\" data-id=\"3aaeca3\" data-element_type=\"column\">\n\t\t\t<div class=\"elementor-widget-wrap elementor-element-populated\">\n\t\t\t\t\t\t<div class=\"elementor-element elementor-element-0057199 elementor-widget__width-initial elementor-widget elementor-widget-text-editor\" data-id=\"0057199\" data-element_type=\"widget\" data-widget_type=\"text-editor.default\">\n\t\t\t\t<div class=\"elementor-widget-container\">\n\t\t\t\t\t\t\t\t\t<div style=\"font-family: 'Segoe UI Historic', 'Segoe UI', Helvetica, Arial, sans-serif; color: #050505; font-size: 15px; white-space-collapse: preserve; animation-name: none !important; transition-property: none !important;\" data-block=\"true\" data-editor=\"5eb1n\" data-offset-key=\"am1gp-0-0\"><div style=\"position: relative; direction: ltr; font-family: inherit; animation-name: none !important; transition-property: none !important;\" data-offset-key=\"am1gp-0-0\"><span style=\"animation-name: none !important; transition-property: none !important; font-family: inherit;\">Zitat<\/span><span style=\"animation-name: none !important; transition-property: none !important; font-family: inherit;\" data-offset-key=\"am1gp-1-0\"> von dem Soziologen Patrick Sachweh in einem Interview mit der Zeit. <\/span><\/div><div style=\"position: relative; direction: ltr; font-family: inherit; animation-name: none !important; transition-property: none !important;\" data-offset-key=\"am1gp-0-0\">&#8222;Es ist eine verr\u00fcckte Situation. 1,5 Prozent der Deutschen gelten als hochverm\u00f6gend. Sie besitzen \u00fcber 3600 Milliarden und haben damit mehr Verm\u00f6gen als 90% der Bev\u00f6lkerung zusammen&#8220;<\/div><\/div><div style=\"font-family: 'Segoe UI Historic', 'Segoe UI', Helvetica, Arial, sans-serif; color: #050505; font-size: 15px; white-space-collapse: preserve; animation-name: none !important; transition-property: none !important;\" data-block=\"true\" data-editor=\"5eb1n\" data-offset-key=\"1io9o-0-0\">In Deutschland w\u00e4chst, wie in vielen L\u00e4ndern, die soziale Ungleichheit. Die oberen 1,5 % besitzen 90% des Verm\u00f6gens, w\u00e4hrend die 5 reichsten Deutschen Familien mehr als die \u00e4rmere H\u00e4lfte der Bev\u00f6lkerung besitzen. Die Quelle des Reichtums von Multimillion\u00e4ren oder Milliard\u00e4ren liegt nicht in individueller Arbeitsleistung, sondern in den Profiten und Wertsteigerungen gro\u00dfer Unternehmen und Verm\u00f6gen. Der Reichtum ist das Ergebnis der Aneignung der Arbeitsfr\u00fcchte der Lohnarbeiter, die den gesellschaftlichen Wohlstand erzeugen. Geld selbst arbeitet nicht, es sind nur die Menschen, die arbeiten. Zudem haben die meisten extrem Reichen Teile ihres Verm\u00f6gens geerbt, was offensichtlich keine pers\u00f6nliche &#8222;Leistung&#8220; darstellt.<\/div><div style=\"font-family: 'Segoe UI Historic', 'Segoe UI', Helvetica, Arial, sans-serif; color: #050505; font-size: 15px; white-space-collapse: preserve; animation-name: none !important; transition-property: none !important;\" data-block=\"true\" data-editor=\"5eb1n\" data-offset-key=\"397hu-0-0\"><div style=\"position: relative; direction: ltr; font-family: inherit; animation-name: none !important; transition-property: none !important;\" data-offset-key=\"397hu-0-0\"><span style=\"animation-name: none !important; transition-property: none !important; font-family: inherit;\" data-offset-key=\"397hu-0-0\">Laut dem \u00d6konom Marcel Fratzscher vom Deutschen Institut f\u00fcr Wirtschaftsforschung (DIW) in Berlin besteuert &#8222;Kaum ein westliches Industrieland [.] Verm\u00f6gen so gering wie Deutschland. Frankreich, Gro\u00dfbritannien und die USA nehmen das Drei- bis Vierfache der Wirtschaftsleistung an verm\u00f6gensbezogenen Steuern ein.&#8220; (Quelle MDR<\/span><\/div><\/div><div style=\"font-family: 'Segoe UI Historic', 'Segoe UI', Helvetica, Arial, sans-serif; color: #050505; font-size: 15px; white-space-collapse: preserve; animation-name: none !important; transition-property: none !important;\" data-block=\"true\" data-editor=\"5eb1n\" data-offset-key=\"5sk6b-0-0\"><div style=\"position: relative; direction: ltr; font-family: inherit; animation-name: none !important; transition-property: none !important;\" data-offset-key=\"5sk6b-0-0\"><span style=\"animation-name: none !important; transition-property: none !important; font-family: inherit;\" data-offset-key=\"5sk6b-0-0\">Im Zuge des Neoliberalismus hat sich die Vorherrschaftstellung der Reichen verst\u00e4rkt und der sozialstaatliche Umverteilungsgedanke wurde abgebaut. Das f\u00fchrte dazu, dass die Wirtschaft anf\u00e4lliger wurde f\u00fcr Krisen, der Gesamtwohlstand wuchs langsamer als zuvor und die Lebenssituation vieler Menschen hat sich sogar verschlechtert. Wie bspw. Oliver Nachtwey in Anstiegsgesellschaft beschreibt, funktioniert der sogenannte &#8222;Fahrstuhleffekt&#8220; nicht mehr. Der Fahrstuhleffekt meint, dass die Mitglieder in der Gesellschaft innerhalb ihrer Positionen, wie in einem Fahrstuhl, gemeinsam nach oben fahren, w\u00e4hrend die Unterschiede zwischen den Positionen gleichbleiben. Laut Nachtwey l\u00e4sst sich durch den enormen Anstieg der sozialen Ungleichheit von einer &#8222;Abstiegs-&#8220; und &#8222;Aufstiegsrolltreppe&#8220; sprechen. Das ist ein Resultat der neoliberalen Umverteilung von unten nach oben, die sich runterbrechen l\u00e4sst mit &#8222;Arme werden \u00e4rmer und Reiche werden reicher&#8220;<\/span><\/div><\/div>\t\t\t\t\t\t\t\t<\/div>\n\t\t\t\t<\/div>\n\t\t\t\t\t<\/div>\n\t\t<\/div>\n\t\t\t\t\t<\/div>\n\t\t<\/section>\n\t\t\t\t<section class=\"elementor-section elementor-top-section elementor-element elementor-element-3370c36 elementor-section-boxed elementor-section-height-default elementor-section-height-default\" data-id=\"3370c36\" data-element_type=\"section\">\n\t\t\t\t\t\t<div class=\"elementor-container elementor-column-gap-default\">\n\t\t\t\t\t<div class=\"elementor-column elementor-col-100 elementor-top-column elementor-element elementor-element-6de3491\" data-id=\"6de3491\" data-element_type=\"column\">\n\t\t\t<div class=\"elementor-widget-wrap elementor-element-populated\">\n\t\t\t\t\t\t<div class=\"elementor-element elementor-element-5b291f2 elementor-widget elementor-widget-html\" data-id=\"5b291f2\" data-element_type=\"widget\" data-widget_type=\"html.default\">\n\t\t\t\t<div class=\"elementor-widget-container\">\n\t\t\t\t\t<div id=\"fb-root\"><\/div>\n<script async defer crossorigin=\"anonymous\" src=\"https:\/\/connect.facebook.net\/de_DE\/sdk.js#xfbml=1&version=v17.0&appId=1303074663797403&autoLogAppEvents=1\" nonce=\"9BAgjmEv\"><\/script>\n<div class=\"fb-post\" data-href=\"https:\/\/www.facebook.com\/permalink.php?story_fbid=pfbid02joXX9sxQS82cEMfeejgopruEYF3KpK3kVz7FXb4m3vNo57eCeGhUViDC4RNpDhW9l&amp;id=100087309576070\" data-width=\"750\" data-show-text=\"true\"><blockquote cite=\"https:\/\/www.facebook.com\/permalink.php?story_fbid=223975603856091&amp;id=100087309576070\" class=\"fb-xfbml-parse-ignore\"><p>Zitat von dem Soziologen Patrick Sachweh in einem Interview mit der Zeit. \n\nIn Deutschland w\u00e4chst, wie in vielen...<\/p>Gepostet von <a href=\"https:\/\/www.facebook.com\/people\/Marisas-Blog-Diskussionsforum-Stiftung-Gewaltfreies-Leben\/100087309576070\/\">Marisa&#039;s Blog Diskussionsforum - Stiftung Gewaltfreies Leben<\/a> am&nbsp;<a href=\"https:\/\/www.facebook.com\/permalink.php?story_fbid=223975603856091&amp;id=100087309576070\">Sonntag, 2. Juli 2023<\/a><\/blockquote><\/div>\t\t\t\t<\/div>\n\t\t\t\t<\/div>\n\t\t\t\t<div class=\"elementor-element elementor-element-2012d45 e-grid-align-right elementor-shape-rounded elementor-grid-0 elementor-widget elementor-widget-social-icons\" data-id=\"2012d45\" data-element_type=\"widget\" data-widget_type=\"social-icons.default\">\n\t\t\t\t<div class=\"elementor-widget-container\">\n\t\t\t\t\t\t\t<div class=\"elementor-social-icons-wrapper elementor-grid\">\n\t\t\t\t\t\t\t<span class=\"elementor-grid-item\">\n\t\t\t\t\t<a class=\"elementor-icon elementor-social-icon elementor-social-icon-facebook elementor-repeater-item-9a7555e\" href=\"https:\/\/www.facebook.com\/profile.php?id=100087309576070\" target=\"_blank\">\n\t\t\t\t\t\t<span class=\"elementor-screen-only\">Facebook<\/span>\n\t\t\t\t\t\t<i class=\"fab fa-facebook\"><\/i>\t\t\t\t\t<\/a>\n\t\t\t\t<\/span>\n\t\t\t\t\t<\/div>\n\t\t\t\t\t\t<\/div>\n\t\t\t\t<\/div>\n\t\t\t\t\t<\/div>\n\t\t<\/div>\n\t\t\t\t\t<\/div>\n\t\t<\/section>\n\t\t\t\t<\/div>\n\t\t","protected":false},"excerpt":{"rendered":"<p>Zitat von dem Soziologen Patrick Sachweh in einem Interview mit der Zeit. &#8222;Es ist eine verr\u00fcckte Situation. 1,5 Prozent der Deutschen gelten als hochverm\u00f6gend. Sie besitzen \u00fcber 3600 Milliarden und haben damit mehr Verm\u00f6gen als 90% der Bev\u00f6lkerung zusammen&#8220;In Deutschland w\u00e4chst, wie in vielen L\u00e4ndern, die soziale Ungleichheit. Die oberen 1,5 % besitzen 90% des &hellip;<\/p>\n","protected":false},"author":2,"featured_media":0,"parent":15,"menu_order":0,"comment_status":"closed","ping_status":"closed","template":"","meta":{"footnotes":""},"aioseo_notices":[],"_links":{"self":[{"href":"https:\/\/stiftung-gewaltfreies-leben.de\/index.php\/wp-json\/wp\/v2\/pages\/1152"}],"collection":[{"href":"https:\/\/stiftung-gewaltfreies-leben.de\/index.php\/wp-json\/wp\/v2\/pages"}],"about":[{"href":"https:\/\/stiftung-gewaltfreies-leben.de\/index.php\/wp-json\/wp\/v2\/types\/page"}],"author":[{"embeddable":true,"href":"https:\/\/stiftung-gewaltfreies-leben.de\/index.php\/wp-json\/wp\/v2\/users\/2"}],"replies":[{"embeddable":true,"href":"https:\/\/stiftung-gewaltfreies-leben.de\/index.php\/wp-json\/wp\/v2\/comments?post=1152"}],"version-history":[{"count":7,"href":"https:\/\/stiftung-gewaltfreies-leben.de\/index.php\/wp-json\/wp\/v2\/pages\/1152\/revisions"}],"predecessor-version":[{"id":1163,"href":"https:\/\/stiftung-gewaltfreies-leben.de\/index.php\/wp-json\/wp\/v2\/pages\/1152\/revisions\/1163"}],"up":[{"embeddable":true,"href":"https:\/\/stiftung-gewaltfreies-leben.de\/index.php\/wp-json\/wp\/v2\/pages\/15"}],"wp:attachment":[{"href":"https:\/\/stiftung-gewaltfreies-leben.de\/index.php\/wp-json\/wp\/v2\/media?parent=1152"}],"curies":[{"name":"wp","href":"https:\/\/api.w.org\/{rel}","templated":true}]}}

Erschreckende Vermögensverteilung in Deutschland

<div data-elementor-type="wp-page" data-elementor-id="1152" class="elementor elementor-1152">
						<section class="elementor-section elementor-top-section elementor-element elementor-element-da27426 elementor-section-boxed elementor-section-height-default elementor-section-height-default" data-id="da27426" data-element_type="section">
						<div class="elementor-container elementor-column-gap-default">
					<div class="elementor-column elementor-col-100 elementor-top-column elementor-element elementor-element-3aaeca3" data-id="3aaeca3" data-element_type="column">
			<div class="elementor-widget-wrap elementor-element-populated">
						<div class="elementor-element elementor-element-0057199 elementor-widget__width-initial elementor-widget elementor-widget-text-editor" data-id="0057199" data-element_type="widget" data-widget_type="text-editor.default">
				<div class="elementor-widget-container">
									<div style="font-family: 'Segoe UI Historic', 'Segoe UI', Helvetica, Arial, sans-serif; color: #050505; font-size: 15px; white-space-collapse: preserve; animation-name: none !important; transition-property: none !important;" data-block="true" data-editor="5eb1n" data-offset-key="am1gp-0-0"><div style="position: relative; direction: ltr; font-family: inherit; animation-name: none !important; transition-property: none !important;" data-offset-key="am1gp-0-0"><span style="animation-name: none !important; transition-property: none !important; font-family: inherit;">Zitat</span><span style="animation-name: none !important; transition-property: none !important; font-family: inherit;" data-offset-key="am1gp-1-0"> von dem Soziologen Patrick Sachweh in einem Interview mit der Zeit. </span></div><div style="position: relative; direction: ltr; font-family: inherit; animation-name: none !important; transition-property: none !important;" data-offset-key="am1gp-0-0">&#8222;Es ist eine verrückte Situation. 1,5 Prozent der Deutschen gelten als hochvermögend. Sie besitzen über 3600 Milliarden und haben damit mehr Vermögen als 90% der Bevölkerung zusammen&#8220;</div></div><div style="font-family: 'Segoe UI Historic', 'Segoe UI', Helvetica, Arial, sans-serif; color: #050505; font-size: 15px; white-space-collapse: preserve; animation-name: none !important; transition-property: none !important;" data-block="true" data-editor="5eb1n" data-offset-key="1io9o-0-0">In Deutschland wächst, wie in vielen Ländern, die soziale Ungleichheit. Die oberen 1,5 % besitzen 90% des Vermögens, während die 5 reichsten Deutschen Familien mehr als die ärmere Hälfte der Bevölkerung besitzen. Die Quelle des Reichtums von Multimillionären oder Milliardären liegt nicht in individueller Arbeitsleistung, sondern in den Profiten und Wertsteigerungen großer Unternehmen und Vermögen. Der Reichtum ist das Ergebnis der Aneignung der Arbeitsfrüchte der Lohnarbeiter, die den gesellschaftlichen Wohlstand erzeugen. Geld selbst arbeitet nicht, es sind nur die Menschen, die arbeiten. Zudem haben die meisten extrem Reichen Teile ihres Vermögens geerbt, was offensichtlich keine persönliche &#8222;Leistung&#8220; darstellt.</div><div style="font-family: 'Segoe UI Historic', 'Segoe UI', Helvetica, Arial, sans-serif; color: #050505; font-size: 15px; white-space-collapse: preserve; animation-name: none !important; transition-property: none !important;" data-block="true" data-editor="5eb1n" data-offset-key="397hu-0-0"><div style="position: relative; direction: ltr; font-family: inherit; animation-name: none !important; transition-property: none !important;" data-offset-key="397hu-0-0"><span style="animation-name: none !important; transition-property: none !important; font-family: inherit;" data-offset-key="397hu-0-0">Laut dem Ökonom Marcel Fratzscher vom Deutschen Institut für Wirtschaftsforschung (DIW) in Berlin besteuert &#8222;Kaum ein westliches Industrieland [.] Vermögen so gering wie Deutschland. Frankreich, Großbritannien und die USA nehmen das Drei- bis Vierfache der Wirtschaftsleistung an vermögensbezogenen Steuern ein.&#8220; (Quelle MDR</span></div></div><div style="font-family: 'Segoe UI Historic', 'Segoe UI', Helvetica, Arial, sans-serif; color: #050505; font-size: 15px; white-space-collapse: preserve; animation-name: none !important; transition-property: none !important;" data-block="true" data-editor="5eb1n" data-offset-key="5sk6b-0-0"><div style="position: relative; direction: ltr; font-family: inherit; animation-name: none !important; transition-property: none !important;" data-offset-key="5sk6b-0-0"><span style="animation-name: none !important; transition-property: none !important; font-family: inherit;" data-offset-key="5sk6b-0-0">Im Zuge des Neoliberalismus hat sich die Vorherrschaftstellung der Reichen verstärkt und der sozialstaatliche Umverteilungsgedanke wurde abgebaut. Das führte dazu, dass die Wirtschaft anfälliger wurde für Krisen, der Gesamtwohlstand wuchs langsamer als zuvor und die Lebenssituation vieler Menschen hat sich sogar verschlechtert. Wie bspw. Oliver Nachtwey in Anstiegsgesellschaft beschreibt, funktioniert der sogenannte &#8222;Fahrstuhleffekt&#8220; nicht mehr. Der Fahrstuhleffekt meint, dass die Mitglieder in der Gesellschaft innerhalb ihrer Positionen, wie in einem Fahrstuhl, gemeinsam nach oben fahren, während die Unterschiede zwischen den Positionen gleichbleiben. Laut Nachtwey lässt sich durch den enormen Anstieg der sozialen Ungleichheit von einer &#8222;Abstiegs-&#8220; und &#8222;Aufstiegsrolltreppe&#8220; sprechen. Das ist ein Resultat der neoliberalen Umverteilung von unten nach oben, die sich runterbrechen lässt mit &#8222;Arme werden ärmer und Reiche werden reicher&#8220;</span></div></div>								</div>
				</div>
					</div>
		</div>
					</div>
		</section>
				<section class="elementor-section elementor-top-section elementor-element elementor-element-3370c36 elementor-section-boxed elementor-section-height-default elementor-section-height-default" data-id="3370c36" data-element_type="section">
						<div class="elementor-container elementor-column-gap-default">
					<div class="elementor-column elementor-col-100 elementor-top-column elementor-element elementor-element-6de3491" data-id="6de3491" data-element_type="column">
			<div class="elementor-widget-wrap elementor-element-populated">
						<div class="elementor-element elementor-element-5b291f2 elementor-widget elementor-widget-html" data-id="5b291f2" data-element_type="widget" data-widget_type="html.default">
				<div class="elementor-widget-container">
					<div id="fb-root"></div>
<script async defer crossorigin="anonymous" src="https://connect.facebook.net/de_DE/sdk.js#xfbml=1&version=v17.0&appId=1303074663797403&autoLogAppEvents=1" nonce="9BAgjmEv"></script>
<div class="fb-post" data-href="https://www.facebook.com/permalink.php?story_fbid=pfbid02joXX9sxQS82cEMfeejgopruEYF3KpK3kVz7FXb4m3vNo57eCeGhUViDC4RNpDhW9l&amp;id=100087309576070" data-width="750" data-show-text="true"><blockquote cite="https://www.facebook.com/permalink.php?story_fbid=223975603856091&amp;id=100087309576070" class="fb-xfbml-parse-ignore"><p>Zitat von dem Soziologen Patrick Sachweh in einem Interview mit der Zeit. 

In Deutschland wächst, wie in vielen...</p>Gepostet von <a href="https://www.facebook.com/people/Marisas-Blog-Diskussionsforum-Stiftung-Gewaltfreies-Leben/100087309576070/">Marisa&#039;s Blog Diskussionsforum - Stiftung Gewaltfreies Leben</a> am&nbsp;<a href="https://www.facebook.com/permalink.php?story_fbid=223975603856091&amp;id=100087309576070">Sonntag, 2. Juli 2023</a></blockquote></div>				</div>
				</div>
				<div class="elementor-element elementor-element-2012d45 e-grid-align-right elementor-shape-rounded elementor-grid-0 elementor-widget elementor-widget-social-icons" data-id="2012d45" data-element_type="widget" data-widget_type="social-icons.default">
				<div class="elementor-widget-container">
							<div class="elementor-social-icons-wrapper elementor-grid">
							<span class="elementor-grid-item">
					<a class="elementor-icon elementor-social-icon elementor-social-icon-facebook elementor-repeater-item-9a7555e" href="https://www.facebook.com/profile.php?id=100087309576070" target="_blank">
						<span class="elementor-screen-only">Facebook</span>
						<i class="fab fa-facebook"></i>					</a>
				</span>
					</div>
						</div>
				</div>
					</div>
		</div>
					</div>
		</section>
				</div>

<p>Zitat von dem Soziologen Patrick Sachweh in einem Interview mit der Zeit. &#8222;Es ist eine verrückte Situation. 1,5 Prozent der Deutschen gelten als hochvermögend. Sie besitzen über 3600 Milliarden und haben damit mehr Vermögen als 90% der Bevölkerung zusammen&#8220;In Deutschland wächst, wie in vielen Ländern, die soziale Ungleichheit. Die oberen 1,5 % besitzen 90% des &hellip;</p>
