{"id":1134,"date":"2023-05-01T13:57:38","date_gmt":"2023-05-01T11:57:38","guid":{"rendered":"https:\/\/stiftung-gewaltfreies-leben.de\/?page_id=1134"},"modified":"2023-07-20T23:44:24","modified_gmt":"2023-07-20T21:44:24","slug":"1-mai-tag-der-arbeiter","status":"publish","type":"page","link":"https:\/\/stiftung-gewaltfreies-leben.de\/index.php\/blog-marisa\/1-mai-tag-der-arbeiter\/","title":{"rendered":"1. Mai Tag der Arbeiter"},"content":{"rendered":"\t\t<div data-elementor-type=\"wp-page\" data-elementor-id=\"1134\" class=\"elementor elementor-1134\">\n\t\t\t\t\t\t<section class=\"elementor-section elementor-top-section elementor-element elementor-element-da27426 elementor-section-boxed elementor-section-height-default elementor-section-height-default\" data-id=\"da27426\" data-element_type=\"section\">\n\t\t\t\t\t\t<div class=\"elementor-container elementor-column-gap-default\">\n\t\t\t\t\t<div class=\"elementor-column elementor-col-100 elementor-top-column elementor-element elementor-element-3aaeca3\" data-id=\"3aaeca3\" data-element_type=\"column\">\n\t\t\t<div class=\"elementor-widget-wrap elementor-element-populated\">\n\t\t\t\t\t\t<div class=\"elementor-element elementor-element-0057199 elementor-widget elementor-widget-text-editor\" data-id=\"0057199\" data-element_type=\"widget\" data-widget_type=\"text-editor.default\">\n\t\t\t\t<div class=\"elementor-widget-container\">\n\t\t\t\t\t\t\t\t\t<div class=\"\" data-block=\"true\" data-editor=\"4v1n7\" data-offset-key=\"bj1vf-0-0\" style=\"font-family: &quot;Segoe UI Historic&quot;, &quot;Segoe UI&quot;, Helvetica, Arial, sans-serif; color: rgb(5, 5, 5); font-size: 15px; white-space: pre-wrap; animation-name: none !important; transition-property: none !important;\"><div data-offset-key=\"bj1vf-0-0\" class=\"_1mf _1mj\" style=\"position: relative; direction: ltr; font-family: inherit; animation-name: none !important; transition-property: none !important;\"><span style=\"animation-name: none !important; transition-property: none !important; font-family: inherit;\">Nur<\/span><span data-offset-key=\"bj1vf-1-0\" style=\"animation-name: none !important; transition-property: none !important; font-family: inherit;\"> durch Arbeiterk\u00e4mpfe, Engagement und Gewerkschaften konnte in der Vergangenheit erreicht werden, dass Arbeitnehmern Rechte zustehen und sie halbwegs menschenw\u00fcrdige Arbeitsbedingungen erlangten. <\/span><\/div><\/div><div class=\"\" data-block=\"true\" data-editor=\"4v1n7\" data-offset-key=\"4vbif-0-0\" style=\"font-family: &quot;Segoe UI Historic&quot;, &quot;Segoe UI&quot;, Helvetica, Arial, sans-serif; color: rgb(5, 5, 5); font-size: 15px; white-space: pre-wrap; animation-name: none !important; transition-property: none !important;\"><div data-offset-key=\"4vbif-0-0\" class=\"_1mf _1mj\" style=\"position: relative; direction: ltr; font-family: inherit; animation-name: none !important; transition-property: none !important;\"><span data-offset-key=\"4vbif-0-0\" style=\"animation-name: none !important; transition-property: none !important; font-family: inherit;\">Doch heute erleben wir, wie die Rechte von Arbeitnehmern ausgeh\u00f6hlt werden, Besch\u00e4ftigungssicherung  prek\u00e4rer wird, Bedingungen in vielen Sektoren immer untragbarer werden, alles zugunsten des Profits. Wir sind sogar soweit in den Debatten, dass offen gefordert wird, dass Arbeiter mehr arbeiten sollen. Und das in Zeiten, in denen die L\u00f6hne vieler sowieso kaum noch zum Leben reichen. <\/span><\/div><\/div><div class=\"\" data-block=\"true\" data-editor=\"4v1n7\" data-offset-key=\"bfg4i-0-0\" style=\"font-family: &quot;Segoe UI Historic&quot;, &quot;Segoe UI&quot;, Helvetica, Arial, sans-serif; color: rgb(5, 5, 5); font-size: 15px; white-space: pre-wrap; animation-name: none !important; transition-property: none !important;\"><div data-offset-key=\"bfg4i-0-0\" class=\"_1mf _1mj\" style=\"position: relative; direction: ltr; font-family: inherit; animation-name: none !important; transition-property: none !important;\"><span data-offset-key=\"bfg4i-0-0\" style=\"animation-name: none !important; transition-property: none !important; font-family: inherit;\"><br data-text=\"true\" style=\"animation-name: none !important; transition-property: none !important;\"><\/span><\/div><\/div><div class=\"\" data-block=\"true\" data-editor=\"4v1n7\" data-offset-key=\"8pnko-0-0\" style=\"font-family: &quot;Segoe UI Historic&quot;, &quot;Segoe UI&quot;, Helvetica, Arial, sans-serif; color: rgb(5, 5, 5); font-size: 15px; white-space: pre-wrap; animation-name: none !important; transition-property: none !important;\"><div data-offset-key=\"8pnko-0-0\" class=\"_1mf _1mj\" style=\"position: relative; direction: ltr; font-family: inherit; animation-name: none !important; transition-property: none !important;\"><span data-offset-key=\"8pnko-0-0\" style=\"animation-name: none !important; transition-property: none !important; font-family: inherit;\">Es muss endlich eine Sache deutlich werden: Jeder in der Arbeitskette Beteiligte ist wichtig f\u00fcr das Endresultat der Arbeit und unverzichtbar. Unternehmen stehen in einer sozialen Verantwortung gegen\u00fcber ihren Mitarbeitern und dem gesellschaftlichen Gemeinwohl. Wenn Vollzeitarbeit den Lebensunterhalt nicht sicher, auch wenn das Unternehmen Millionen bis Milliarden Gewinne einf\u00e4hrt, dann liegt ein Systemversagen vor, da ein solches System keinen Bezug zur Wertigkeit der tats\u00e4chlichen Arbeit besitzt.<\/span><\/div><\/div><div class=\"\" data-block=\"true\" data-editor=\"4v1n7\" data-offset-key=\"br2m5-0-0\" style=\"font-family: &quot;Segoe UI Historic&quot;, &quot;Segoe UI&quot;, Helvetica, Arial, sans-serif; color: rgb(5, 5, 5); font-size: 15px; white-space: pre-wrap; animation-name: none !important; transition-property: none !important;\"><div data-offset-key=\"br2m5-0-0\" class=\"_1mf _1mj\" style=\"position: relative; direction: ltr; font-family: inherit; animation-name: none !important; transition-property: none !important;\"><span data-offset-key=\"br2m5-0-0\" style=\"animation-name: none !important; transition-property: none !important; font-family: inherit;\"><br data-text=\"true\" style=\"animation-name: none !important; transition-property: none !important;\"><\/span><\/div><\/div><div class=\"\" data-block=\"true\" data-editor=\"4v1n7\" data-offset-key=\"6r4te-0-0\" style=\"font-family: &quot;Segoe UI Historic&quot;, &quot;Segoe UI&quot;, Helvetica, Arial, sans-serif; color: rgb(5, 5, 5); font-size: 15px; white-space: pre-wrap; animation-name: none !important; transition-property: none !important;\"><div data-offset-key=\"6r4te-0-0\" class=\"_1mf _1mj\" style=\"position: relative; direction: ltr; font-family: inherit; animation-name: none !important; transition-property: none !important;\"><span data-offset-key=\"6r4te-0-0\" style=\"animation-name: none !important; transition-property: none !important; font-family: inherit;\">Deswegen ist ein Kampf f\u00fcr bessere L\u00f6hne, bessere Arbeitsbedingungen und mehr Lebenssicherheit gerade unverzichtbar und es liegt auch an uns, ob wir bereit sind f\u00fcr unsere Rechte einzustehen und diese zu verteidigen. Es muss verstanden werden: die Wirtschaft soll den Menschen dienen!<\/span><\/div><\/div><div class=\"\" data-block=\"true\" data-editor=\"4v1n7\" data-offset-key=\"nmf7-0-0\" style=\"font-family: &quot;Segoe UI Historic&quot;, &quot;Segoe UI&quot;, Helvetica, Arial, sans-serif; color: rgb(5, 5, 5); font-size: 15px; white-space: pre-wrap; animation-name: none !important; transition-property: none !important;\"><div data-offset-key=\"nmf7-0-0\" class=\"_1mf _1mj\" style=\"position: relative; direction: ltr; font-family: inherit; animation-name: none !important; transition-property: none !important;\"><span data-offset-key=\"nmf7-0-0\" style=\"animation-name: none !important; transition-property: none !important; font-family: inherit;\"><br data-text=\"true\" style=\"animation-name: none !important; transition-property: none !important;\"><\/span><\/div><\/div><div class=\"\" data-block=\"true\" data-editor=\"4v1n7\" data-offset-key=\"den63-0-0\" style=\"font-family: &quot;Segoe UI Historic&quot;, &quot;Segoe UI&quot;, Helvetica, Arial, sans-serif; color: rgb(5, 5, 5); font-size: 15px; white-space: pre-wrap; animation-name: none !important; transition-property: none !important;\"><div data-offset-key=\"den63-0-0\" class=\"_1mf _1mj\" style=\"position: relative; direction: ltr; font-family: inherit; animation-name: none !important; transition-property: none !important;\"><span data-offset-key=\"den63-0-0\" style=\"animation-name: none !important; transition-property: none !important; font-family: inherit;\">Gerade in Zeiten, in denen Deutschland sich auf eine Kriegswirtschaft zu bewegt, und in Zeiten der hohen Inflation ist es wichtiger denn je auf die Stra\u00dfe zu gehen und sich zu organisieren! Viele Konzerne verschiedener Branchen konnten ihre Gewinne steigern, w\u00e4hrend Arbeiter Reallohnverlust hinnehmen mussten. Immer wieder wird vor der angeblichen Lohnpreisspirale gewarnt, w\u00e4hrend niemand vor der Profitpreisspirale warnt, die in der Realit\u00e4t, schon eingesetzt hat!<\/span><\/div><\/div>\t\t\t\t\t\t\t\t<\/div>\n\t\t\t\t<\/div>\n\t\t\t\t\t<\/div>\n\t\t<\/div>\n\t\t\t\t\t<\/div>\n\t\t<\/section>\n\t\t\t\t<section class=\"elementor-section elementor-top-section elementor-element elementor-element-3370c36 elementor-section-boxed elementor-section-height-default elementor-section-height-default\" data-id=\"3370c36\" data-element_type=\"section\">\n\t\t\t\t\t\t<div class=\"elementor-container elementor-column-gap-default\">\n\t\t\t\t\t<div class=\"elementor-column elementor-col-100 elementor-top-column elementor-element elementor-element-6de3491\" data-id=\"6de3491\" data-element_type=\"column\">\n\t\t\t<div class=\"elementor-widget-wrap elementor-element-populated\">\n\t\t\t\t\t\t<div class=\"elementor-element elementor-element-8a50f11 elementor-widget elementor-widget-text-editor\" data-id=\"8a50f11\" data-element_type=\"widget\" data-widget_type=\"text-editor.default\">\n\t\t\t\t<div class=\"elementor-widget-container\">\n\t\t\t\t\t\t\t\t\t<p style=\"text-align: right;\">Datum: 31. Oktober 2022<\/p>\t\t\t\t\t\t\t\t<\/div>\n\t\t\t\t<\/div>\n\t\t\t\t<div class=\"elementor-element elementor-element-5b291f2 elementor-widget elementor-widget-html\" data-id=\"5b291f2\" data-element_type=\"widget\" data-widget_type=\"html.default\">\n\t\t\t\t<div class=\"elementor-widget-container\">\n\t\t\t\t\t<div id=\"fb-root\"><\/div>\n<script async defer crossorigin=\"anonymous\" src=\"https:\/\/connect.facebook.net\/de_DE\/sdk.js#xfbml=1&version=v17.0&appId=1303074663797403&autoLogAppEvents=1\" nonce=\"lDzieu4h\"><\/script>\n<div class=\"fb-post\" data-href=\"https:\/\/www.facebook.com\/permalink.php?story_fbid=pfbid02k5LtWvFJ7HfJgRAiY62B77ENh8uaPXAXjBvffhpvEQZQfTd33QSv91uMKWVs84mul&amp;id=100087309576070\" data-width=\"750\" data-show-text=\"true\"><blockquote cite=\"https:\/\/www.facebook.com\/permalink.php?story_fbid=186299754290343&amp;id=100087309576070\" class=\"fb-xfbml-parse-ignore\"><p>Nur durch Arbeiterk\u00e4mpfe, Engagement und Gewerkschaften konnte in der Vergangenheit erreicht werden, dass Arbeitnehmern...<\/p>Gepostet von <a href=\"https:\/\/www.facebook.com\/people\/Marisas-Blog-Diskussionsforum-Stiftung-Gewaltfreies-Leben\/100087309576070\/\">Marisa&#039;s Blog Diskussionsforum - Stiftung Gewaltfreies Leben<\/a> am&nbsp;<a href=\"https:\/\/www.facebook.com\/permalink.php?story_fbid=186299754290343&amp;id=100087309576070\">Montag, 1. Mai 2023<\/a><\/blockquote><\/div>\t\t\t\t<\/div>\n\t\t\t\t<\/div>\n\t\t\t\t<div class=\"elementor-element elementor-element-2012d45 e-grid-align-right elementor-shape-rounded elementor-grid-0 elementor-widget elementor-widget-social-icons\" data-id=\"2012d45\" data-element_type=\"widget\" data-widget_type=\"social-icons.default\">\n\t\t\t\t<div class=\"elementor-widget-container\">\n\t\t\t\t\t\t\t<div class=\"elementor-social-icons-wrapper elementor-grid\">\n\t\t\t\t\t\t\t<span class=\"elementor-grid-item\">\n\t\t\t\t\t<a class=\"elementor-icon elementor-social-icon elementor-social-icon-facebook elementor-repeater-item-9a7555e\" href=\"https:\/\/www.facebook.com\/profile.php?id=100087309576070\" target=\"_blank\">\n\t\t\t\t\t\t<span class=\"elementor-screen-only\">Facebook<\/span>\n\t\t\t\t\t\t<i class=\"fab fa-facebook\"><\/i>\t\t\t\t\t<\/a>\n\t\t\t\t<\/span>\n\t\t\t\t\t<\/div>\n\t\t\t\t\t\t<\/div>\n\t\t\t\t<\/div>\n\t\t\t\t\t<\/div>\n\t\t<\/div>\n\t\t\t\t\t<\/div>\n\t\t<\/section>\n\t\t\t\t<\/div>\n\t\t","protected":false},"excerpt":{"rendered":"<p>Nur durch Arbeiterk\u00e4mpfe, Engagement und Gewerkschaften konnte in der Vergangenheit erreicht werden, dass Arbeitnehmern Rechte zustehen und sie halbwegs menschenw\u00fcrdige Arbeitsbedingungen erlangten. Doch heute erleben wir, wie die Rechte von Arbeitnehmern ausgeh\u00f6hlt werden, Besch\u00e4ftigungssicherung prek\u00e4rer wird, Bedingungen in vielen Sektoren immer untragbarer werden, alles zugunsten des Profits. Wir sind sogar soweit in den Debatten, dass &hellip;<\/p>\n","protected":false},"author":2,"featured_media":0,"parent":15,"menu_order":0,"comment_status":"closed","ping_status":"closed","template":"","meta":{"footnotes":""},"aioseo_notices":[],"_links":{"self":[{"href":"https:\/\/stiftung-gewaltfreies-leben.de\/index.php\/wp-json\/wp\/v2\/pages\/1134"}],"collection":[{"href":"https:\/\/stiftung-gewaltfreies-leben.de\/index.php\/wp-json\/wp\/v2\/pages"}],"about":[{"href":"https:\/\/stiftung-gewaltfreies-leben.de\/index.php\/wp-json\/wp\/v2\/types\/page"}],"author":[{"embeddable":true,"href":"https:\/\/stiftung-gewaltfreies-leben.de\/index.php\/wp-json\/wp\/v2\/users\/2"}],"replies":[{"embeddable":true,"href":"https:\/\/stiftung-gewaltfreies-leben.de\/index.php\/wp-json\/wp\/v2\/comments?post=1134"}],"version-history":[{"count":4,"href":"https:\/\/stiftung-gewaltfreies-leben.de\/index.php\/wp-json\/wp\/v2\/pages\/1134\/revisions"}],"predecessor-version":[{"id":1138,"href":"https:\/\/stiftung-gewaltfreies-leben.de\/index.php\/wp-json\/wp\/v2\/pages\/1134\/revisions\/1138"}],"up":[{"embeddable":true,"href":"https:\/\/stiftung-gewaltfreies-leben.de\/index.php\/wp-json\/wp\/v2\/pages\/15"}],"wp:attachment":[{"href":"https:\/\/stiftung-gewaltfreies-leben.de\/index.php\/wp-json\/wp\/v2\/media?parent=1134"}],"curies":[{"name":"wp","href":"https:\/\/api.w.org\/{rel}","templated":true}]}}

<div data-elementor-type="wp-page" data-elementor-id="1134" class="elementor elementor-1134">
						<section class="elementor-section elementor-top-section elementor-element elementor-element-da27426 elementor-section-boxed elementor-section-height-default elementor-section-height-default" data-id="da27426" data-element_type="section">
						<div class="elementor-container elementor-column-gap-default">
					<div class="elementor-column elementor-col-100 elementor-top-column elementor-element elementor-element-3aaeca3" data-id="3aaeca3" data-element_type="column">
			<div class="elementor-widget-wrap elementor-element-populated">
						<div class="elementor-element elementor-element-0057199 elementor-widget elementor-widget-text-editor" data-id="0057199" data-element_type="widget" data-widget_type="text-editor.default">
				<div class="elementor-widget-container">
									<div class="" data-block="true" data-editor="4v1n7" data-offset-key="bj1vf-0-0" style="font-family: &quot;Segoe UI Historic&quot;, &quot;Segoe UI&quot;, Helvetica, Arial, sans-serif; color: rgb(5, 5, 5); font-size: 15px; white-space: pre-wrap; animation-name: none !important; transition-property: none !important;"><div data-offset-key="bj1vf-0-0" class="_1mf _1mj" style="position: relative; direction: ltr; font-family: inherit; animation-name: none !important; transition-property: none !important;"><span style="animation-name: none !important; transition-property: none !important; font-family: inherit;">Nur</span><span data-offset-key="bj1vf-1-0" style="animation-name: none !important; transition-property: none !important; font-family: inherit;"> durch Arbeiterkämpfe, Engagement und Gewerkschaften konnte in der Vergangenheit erreicht werden, dass Arbeitnehmern Rechte zustehen und sie halbwegs menschenwürdige Arbeitsbedingungen erlangten. </span></div></div><div class="" data-block="true" data-editor="4v1n7" data-offset-key="4vbif-0-0" style="font-family: &quot;Segoe UI Historic&quot;, &quot;Segoe UI&quot;, Helvetica, Arial, sans-serif; color: rgb(5, 5, 5); font-size: 15px; white-space: pre-wrap; animation-name: none !important; transition-property: none !important;"><div data-offset-key="4vbif-0-0" class="_1mf _1mj" style="position: relative; direction: ltr; font-family: inherit; animation-name: none !important; transition-property: none !important;"><span data-offset-key="4vbif-0-0" style="animation-name: none !important; transition-property: none !important; font-family: inherit;">Doch heute erleben wir, wie die Rechte von Arbeitnehmern ausgehöhlt werden, Beschäftigungssicherung  prekärer wird, Bedingungen in vielen Sektoren immer untragbarer werden, alles zugunsten des Profits. Wir sind sogar soweit in den Debatten, dass offen gefordert wird, dass Arbeiter mehr arbeiten sollen. Und das in Zeiten, in denen die Löhne vieler sowieso kaum noch zum Leben reichen. </span></div></div><div class="" data-block="true" data-editor="4v1n7" data-offset-key="bfg4i-0-0" style="font-family: &quot;Segoe UI Historic&quot;, &quot;Segoe UI&quot;, Helvetica, Arial, sans-serif; color: rgb(5, 5, 5); font-size: 15px; white-space: pre-wrap; animation-name: none !important; transition-property: none !important;"><div data-offset-key="bfg4i-0-0" class="_1mf _1mj" style="position: relative; direction: ltr; font-family: inherit; animation-name: none !important; transition-property: none !important;"><span data-offset-key="bfg4i-0-0" style="animation-name: none !important; transition-property: none !important; font-family: inherit;"><br data-text="true" style="animation-name: none !important; transition-property: none !important;"></span></div></div><div class="" data-block="true" data-editor="4v1n7" data-offset-key="8pnko-0-0" style="font-family: &quot;Segoe UI Historic&quot;, &quot;Segoe UI&quot;, Helvetica, Arial, sans-serif; color: rgb(5, 5, 5); font-size: 15px; white-space: pre-wrap; animation-name: none !important; transition-property: none !important;"><div data-offset-key="8pnko-0-0" class="_1mf _1mj" style="position: relative; direction: ltr; font-family: inherit; animation-name: none !important; transition-property: none !important;"><span data-offset-key="8pnko-0-0" style="animation-name: none !important; transition-property: none !important; font-family: inherit;">Es muss endlich eine Sache deutlich werden: Jeder in der Arbeitskette Beteiligte ist wichtig für das Endresultat der Arbeit und unverzichtbar. Unternehmen stehen in einer sozialen Verantwortung gegenüber ihren Mitarbeitern und dem gesellschaftlichen Gemeinwohl. Wenn Vollzeitarbeit den Lebensunterhalt nicht sicher, auch wenn das Unternehmen Millionen bis Milliarden Gewinne einfährt, dann liegt ein Systemversagen vor, da ein solches System keinen Bezug zur Wertigkeit der tatsächlichen Arbeit besitzt.</span></div></div><div class="" data-block="true" data-editor="4v1n7" data-offset-key="br2m5-0-0" style="font-family: &quot;Segoe UI Historic&quot;, &quot;Segoe UI&quot;, Helvetica, Arial, sans-serif; color: rgb(5, 5, 5); font-size: 15px; white-space: pre-wrap; animation-name: none !important; transition-property: none !important;"><div data-offset-key="br2m5-0-0" class="_1mf _1mj" style="position: relative; direction: ltr; font-family: inherit; animation-name: none !important; transition-property: none !important;"><span data-offset-key="br2m5-0-0" style="animation-name: none !important; transition-property: none !important; font-family: inherit;"><br data-text="true" style="animation-name: none !important; transition-property: none !important;"></span></div></div><div class="" data-block="true" data-editor="4v1n7" data-offset-key="6r4te-0-0" style="font-family: &quot;Segoe UI Historic&quot;, &quot;Segoe UI&quot;, Helvetica, Arial, sans-serif; color: rgb(5, 5, 5); font-size: 15px; white-space: pre-wrap; animation-name: none !important; transition-property: none !important;"><div data-offset-key="6r4te-0-0" class="_1mf _1mj" style="position: relative; direction: ltr; font-family: inherit; animation-name: none !important; transition-property: none !important;"><span data-offset-key="6r4te-0-0" style="animation-name: none !important; transition-property: none !important; font-family: inherit;">Deswegen ist ein Kampf für bessere Löhne, bessere Arbeitsbedingungen und mehr Lebenssicherheit gerade unverzichtbar und es liegt auch an uns, ob wir bereit sind für unsere Rechte einzustehen und diese zu verteidigen. Es muss verstanden werden: die Wirtschaft soll den Menschen dienen!</span></div></div><div class="" data-block="true" data-editor="4v1n7" data-offset-key="nmf7-0-0" style="font-family: &quot;Segoe UI Historic&quot;, &quot;Segoe UI&quot;, Helvetica, Arial, sans-serif; color: rgb(5, 5, 5); font-size: 15px; white-space: pre-wrap; animation-name: none !important; transition-property: none !important;"><div data-offset-key="nmf7-0-0" class="_1mf _1mj" style="position: relative; direction: ltr; font-family: inherit; animation-name: none !important; transition-property: none !important;"><span data-offset-key="nmf7-0-0" style="animation-name: none !important; transition-property: none !important; font-family: inherit;"><br data-text="true" style="animation-name: none !important; transition-property: none !important;"></span></div></div><div class="" data-block="true" data-editor="4v1n7" data-offset-key="den63-0-0" style="font-family: &quot;Segoe UI Historic&quot;, &quot;Segoe UI&quot;, Helvetica, Arial, sans-serif; color: rgb(5, 5, 5); font-size: 15px; white-space: pre-wrap; animation-name: none !important; transition-property: none !important;"><div data-offset-key="den63-0-0" class="_1mf _1mj" style="position: relative; direction: ltr; font-family: inherit; animation-name: none !important; transition-property: none !important;"><span data-offset-key="den63-0-0" style="animation-name: none !important; transition-property: none !important; font-family: inherit;">Gerade in Zeiten, in denen Deutschland sich auf eine Kriegswirtschaft zu bewegt, und in Zeiten der hohen Inflation ist es wichtiger denn je auf die Straße zu gehen und sich zu organisieren! Viele Konzerne verschiedener Branchen konnten ihre Gewinne steigern, während Arbeiter Reallohnverlust hinnehmen mussten. Immer wieder wird vor der angeblichen Lohnpreisspirale gewarnt, während niemand vor der Profitpreisspirale warnt, die in der Realität, schon eingesetzt hat!</span></div></div>								</div>
				</div>
					</div>
		</div>
					</div>
		</section>
				<section class="elementor-section elementor-top-section elementor-element elementor-element-3370c36 elementor-section-boxed elementor-section-height-default elementor-section-height-default" data-id="3370c36" data-element_type="section">
						<div class="elementor-container elementor-column-gap-default">
					<div class="elementor-column elementor-col-100 elementor-top-column elementor-element elementor-element-6de3491" data-id="6de3491" data-element_type="column">
			<div class="elementor-widget-wrap elementor-element-populated">
						<div class="elementor-element elementor-element-8a50f11 elementor-widget elementor-widget-text-editor" data-id="8a50f11" data-element_type="widget" data-widget_type="text-editor.default">
				<div class="elementor-widget-container">
									<p style="text-align: right;">Datum: 31. Oktober 2022</p>								</div>
				</div>
				<div class="elementor-element elementor-element-5b291f2 elementor-widget elementor-widget-html" data-id="5b291f2" data-element_type="widget" data-widget_type="html.default">
				<div class="elementor-widget-container">
					<div id="fb-root"></div>
<script async defer crossorigin="anonymous" src="https://connect.facebook.net/de_DE/sdk.js#xfbml=1&version=v17.0&appId=1303074663797403&autoLogAppEvents=1" nonce="lDzieu4h"></script>
<div class="fb-post" data-href="https://www.facebook.com/permalink.php?story_fbid=pfbid02k5LtWvFJ7HfJgRAiY62B77ENh8uaPXAXjBvffhpvEQZQfTd33QSv91uMKWVs84mul&amp;id=100087309576070" data-width="750" data-show-text="true"><blockquote cite="https://www.facebook.com/permalink.php?story_fbid=186299754290343&amp;id=100087309576070" class="fb-xfbml-parse-ignore"><p>Nur durch Arbeiterkämpfe, Engagement und Gewerkschaften konnte in der Vergangenheit erreicht werden, dass Arbeitnehmern...</p>Gepostet von <a href="https://www.facebook.com/people/Marisas-Blog-Diskussionsforum-Stiftung-Gewaltfreies-Leben/100087309576070/">Marisa&#039;s Blog Diskussionsforum - Stiftung Gewaltfreies Leben</a> am&nbsp;<a href="https://www.facebook.com/permalink.php?story_fbid=186299754290343&amp;id=100087309576070">Montag, 1. Mai 2023</a></blockquote></div>				</div>
				</div>
				<div class="elementor-element elementor-element-2012d45 e-grid-align-right elementor-shape-rounded elementor-grid-0 elementor-widget elementor-widget-social-icons" data-id="2012d45" data-element_type="widget" data-widget_type="social-icons.default">
				<div class="elementor-widget-container">
							<div class="elementor-social-icons-wrapper elementor-grid">
							<span class="elementor-grid-item">
					<a class="elementor-icon elementor-social-icon elementor-social-icon-facebook elementor-repeater-item-9a7555e" href="https://www.facebook.com/profile.php?id=100087309576070" target="_blank">
						<span class="elementor-screen-only">Facebook</span>
						<i class="fab fa-facebook"></i>					</a>
				</span>
					</div>
						</div>
				</div>
					</div>
		</div>
					</div>
		</section>
				</div>

<p>Nur durch Arbeiterkämpfe, Engagement und Gewerkschaften konnte in der Vergangenheit erreicht werden, dass Arbeitnehmern Rechte zustehen und sie halbwegs menschenwürdige Arbeitsbedingungen erlangten. Doch heute erleben wir, wie die Rechte von Arbeitnehmern ausgehöhlt werden, Beschäftigungssicherung prekärer wird, Bedingungen in vielen Sektoren immer untragbarer werden, alles zugunsten des Profits. Wir sind sogar soweit in den Debatten, dass &hellip;</p>
