{"id":1035,"date":"2023-02-10T17:12:26","date_gmt":"2023-02-10T16:12:26","guid":{"rendered":"https:\/\/stiftung-gewaltfreies-leben.de\/?page_id=1035"},"modified":"2023-07-20T23:48:58","modified_gmt":"2023-07-20T21:48:58","slug":"vision-fuer-eine-bessere-zukunft","status":"publish","type":"page","link":"https:\/\/stiftung-gewaltfreies-leben.de\/index.php\/blog-marisa\/vision-fuer-eine-bessere-zukunft\/","title":{"rendered":"Vision f\u00fcr eine bessere Zukunft"},"content":{"rendered":"\t\t<div data-elementor-type=\"wp-page\" data-elementor-id=\"1035\" class=\"elementor elementor-1035\">\n\t\t\t\t\t\t<section class=\"elementor-section elementor-top-section elementor-element elementor-element-da27426 elementor-section-boxed elementor-section-height-default elementor-section-height-default\" data-id=\"da27426\" data-element_type=\"section\">\n\t\t\t\t\t\t<div class=\"elementor-container elementor-column-gap-default\">\n\t\t\t\t\t<div class=\"elementor-column elementor-col-100 elementor-top-column elementor-element elementor-element-3aaeca3\" data-id=\"3aaeca3\" data-element_type=\"column\">\n\t\t\t<div class=\"elementor-widget-wrap elementor-element-populated\">\n\t\t\t\t\t\t<div class=\"elementor-element elementor-element-0057199 elementor-widget elementor-widget-text-editor\" data-id=\"0057199\" data-element_type=\"widget\" data-widget_type=\"text-editor.default\">\n\t\t\t\t<div class=\"elementor-widget-container\">\n\t\t\t\t\t\t\t\t\t<div class=\"x11i5rnm xat24cr x1mh8g0r x1vvkbs xdj266r x126k92a\"><div dir=\"auto\"><strong>Eine Vision f\u00fcr eine bessere Zukunft: Ein Weg zur Zusammenarbeit f\u00fcr das Gemeinwohl<\/strong><\/div><div dir=\"auto\">\u00a0<\/div><\/div><div class=\"x11i5rnm xat24cr x1mh8g0r x1vvkbs xtlvy1s x126k92a\"><div dir=\"auto\">In unserer Welt befinden wir uns in einer dauerhaften Krise. Konflikte, Umweltprobleme und soziale Ungerechtigkeiten bestimmen viele Leben und fordern die Gesellschaften heraus. Viele Menschen haben das Gef\u00fchl, dass es keine L\u00f6sung gibt und dass sich die Dinge immer weiter verschlechtern werden, was ich ehrlich gesagt gut nachvollziehen kann, aber trotzdem daran appellieren m\u00f6chte nicht aufzugeben.<\/div><div dir=\"auto\">\u00a0<\/div><\/div><div class=\"x11i5rnm xat24cr x1mh8g0r x1vvkbs xtlvy1s x126k92a\"><div dir=\"auto\">Um eine bessere Zukunft zu schaffen, brauch es einer Vision. Einer Vision, die leicht verst\u00e4ndlich und l\u00f6sungsorientiert ist. Einer Vision, die \u00dcberzeugungskraft hat und Menschen dazu einl\u00e4dt, zusammenzuarbeiten und das Wohl aller in den Vordergrund zu stellen, anstatt egoistische Ziele zu verfolgen.<\/div><\/div><div class=\"x11i5rnm xat24cr x1mh8g0r x1vvkbs xtlvy1s x126k92a\"><div dir=\"auto\">Eine solche Vision muss sich gegen den Neoliberalismus und die Profit- und reine Wachstumsorientierung zum Selbstzweck wenden. Stattdessen m\u00fcssen wir nachhaltige L\u00f6sungen finden, die auf allen drei Dimensionen &#8211; \u00f6kologisch, \u00f6konomisch und sozial &#8211; das Wohl aller im Auge haben.<\/div><div dir=\"auto\">Die \u00f6konomische Dimension muss den beiden anderen untergeordnet werden und nicht umgekehrt.<\/div><div dir=\"auto\">\u00a0<\/div><\/div><div class=\"x11i5rnm xat24cr x1mh8g0r x1vvkbs xtlvy1s x126k92a\"><div dir=\"auto\">Statt den Fokus auf Streit und immer weitere Abgrenzung zueinander zu legen, oft schon wegen kleiner Meinungsdifferenzen, m\u00fcssen wir dazu einladen, falsche Glaubenss\u00e4tze zu \u00fcberwinden und die Augen f\u00fcr das zu \u00f6ffnen, was zurzeit das gr\u00f6\u00dfte Problem ist. Um eine bessere Zukunft zu schaffen, m\u00fcssen wir uns auf das konzentrieren, was wirklich wichtig ist. Wir m\u00fcssen uns zusammen schlie\u00dfen und gemeinsam f\u00fcr das Wohl aller arbeiten.<\/div><div dir=\"auto\">\u00a0<\/div><\/div><div class=\"x11i5rnm xat24cr x1mh8g0r x1vvkbs xtlvy1s x126k92a\"><blockquote><div dir=\"auto\">Ohne eine glaubhafte Vision, wird man wenige Menschen dazu bewegen k\u00f6nnen ihr Leben mehr dem Kampf gegen ein ungerechtes System zu widmen und mehr Zusammenarbeit und Organisation durch aktives und engagiertes, taktisches Handeln umsetzen.<\/div><\/blockquote><\/div>\t\t\t\t\t\t\t\t<\/div>\n\t\t\t\t<\/div>\n\t\t\t\t\t<\/div>\n\t\t<\/div>\n\t\t\t\t\t<\/div>\n\t\t<\/section>\n\t\t\t\t<section class=\"elementor-section elementor-top-section elementor-element elementor-element-3370c36 elementor-section-boxed elementor-section-height-default elementor-section-height-default\" data-id=\"3370c36\" data-element_type=\"section\">\n\t\t\t\t\t\t<div class=\"elementor-container elementor-column-gap-default\">\n\t\t\t\t\t<div class=\"elementor-column elementor-col-100 elementor-top-column elementor-element elementor-element-6de3491\" data-id=\"6de3491\" data-element_type=\"column\">\n\t\t\t<div class=\"elementor-widget-wrap elementor-element-populated\">\n\t\t\t\t\t\t<div class=\"elementor-element elementor-element-5b291f2 elementor-widget elementor-widget-html\" data-id=\"5b291f2\" data-element_type=\"widget\" data-widget_type=\"html.default\">\n\t\t\t\t<div class=\"elementor-widget-container\">\n\t\t\t\t\t<div id=\"fb-root\"><\/div>\n<script async defer crossorigin=\"anonymous\" src=\"https:\/\/connect.facebook.net\/de_DE\/sdk.js#xfbml=1&version=v15.0&appId=1303074663797403&autoLogAppEvents=1\" nonce=\"DHhOO0Bo\"><\/script>\n<div class=\"fb-post\" data-href=\"https:\/\/www.facebook.com\/permalink.php?story_fbid=pfbid02ZbXerb6Y9YmpXY5XAzmtatLvXeexAAyxBw8RAcaZ99BgE951SZTKKg6Dfcw1EFtJl&amp;id=100087309576070\" data-width=\"750\" data-show-text=\"true\"><blockquote cite=\"https:\/\/www.facebook.com\/permalink.php?story_fbid=143401248580194&amp;id=100087309576070\" class=\"fb-xfbml-parse-ignore\"><p>Eine Vision f\u00fcr eine bessere Zukunft: Ein Weg zur Zusammenarbeit f\u00fcr das Gemeinwohl\n\nIn unserer Welt befinden wir uns in...<\/p>Gepostet von <a href=\"https:\/\/www.facebook.com\/people\/Marisas-Blog-Diskussionsforum-Stiftung-Gewaltfreies-Leben\/100087309576070\/\">Marisa&#039;s Blog Diskussionsforum - Stiftung Gewaltfreies Leben<\/a> am&nbsp;<a href=\"https:\/\/www.facebook.com\/permalink.php?story_fbid=143401248580194&amp;id=100087309576070\">Freitag, 10. Februar 2023<\/a><\/blockquote><\/div>\t\t\t\t<\/div>\n\t\t\t\t<\/div>\n\t\t\t\t<div class=\"elementor-element elementor-element-2012d45 e-grid-align-right elementor-shape-rounded elementor-grid-0 elementor-widget elementor-widget-social-icons\" data-id=\"2012d45\" data-element_type=\"widget\" data-widget_type=\"social-icons.default\">\n\t\t\t\t<div class=\"elementor-widget-container\">\n\t\t\t\t\t\t\t<div class=\"elementor-social-icons-wrapper elementor-grid\">\n\t\t\t\t\t\t\t<span class=\"elementor-grid-item\">\n\t\t\t\t\t<a class=\"elementor-icon elementor-social-icon elementor-social-icon-facebook elementor-repeater-item-9a7555e\" href=\"https:\/\/www.facebook.com\/profile.php?id=100087309576070\" target=\"_blank\">\n\t\t\t\t\t\t<span class=\"elementor-screen-only\">Facebook<\/span>\n\t\t\t\t\t\t<i class=\"fab fa-facebook\"><\/i>\t\t\t\t\t<\/a>\n\t\t\t\t<\/span>\n\t\t\t\t\t<\/div>\n\t\t\t\t\t\t<\/div>\n\t\t\t\t<\/div>\n\t\t\t\t\t<\/div>\n\t\t<\/div>\n\t\t\t\t\t<\/div>\n\t\t<\/section>\n\t\t\t\t<\/div>\n\t\t","protected":false},"excerpt":{"rendered":"<p>Eine Vision f\u00fcr eine bessere Zukunft: Ein Weg zur Zusammenarbeit f\u00fcr das Gemeinwohl\u00a0In unserer Welt befinden wir uns in einer dauerhaften Krise. Konflikte, Umweltprobleme und soziale Ungerechtigkeiten bestimmen viele Leben und fordern die Gesellschaften heraus. Viele Menschen haben das Gef\u00fchl, dass es keine L\u00f6sung gibt und dass sich die Dinge immer weiter verschlechtern werden, was &hellip;<\/p>\n","protected":false},"author":2,"featured_media":0,"parent":15,"menu_order":0,"comment_status":"closed","ping_status":"closed","template":"","meta":{"footnotes":""},"aioseo_notices":[],"_links":{"self":[{"href":"https:\/\/stiftung-gewaltfreies-leben.de\/index.php\/wp-json\/wp\/v2\/pages\/1035"}],"collection":[{"href":"https:\/\/stiftung-gewaltfreies-leben.de\/index.php\/wp-json\/wp\/v2\/pages"}],"about":[{"href":"https:\/\/stiftung-gewaltfreies-leben.de\/index.php\/wp-json\/wp\/v2\/types\/page"}],"author":[{"embeddable":true,"href":"https:\/\/stiftung-gewaltfreies-leben.de\/index.php\/wp-json\/wp\/v2\/users\/2"}],"replies":[{"embeddable":true,"href":"https:\/\/stiftung-gewaltfreies-leben.de\/index.php\/wp-json\/wp\/v2\/comments?post=1035"}],"version-history":[{"count":4,"href":"https:\/\/stiftung-gewaltfreies-leben.de\/index.php\/wp-json\/wp\/v2\/pages\/1035\/revisions"}],"predecessor-version":[{"id":1039,"href":"https:\/\/stiftung-gewaltfreies-leben.de\/index.php\/wp-json\/wp\/v2\/pages\/1035\/revisions\/1039"}],"up":[{"embeddable":true,"href":"https:\/\/stiftung-gewaltfreies-leben.de\/index.php\/wp-json\/wp\/v2\/pages\/15"}],"wp:attachment":[{"href":"https:\/\/stiftung-gewaltfreies-leben.de\/index.php\/wp-json\/wp\/v2\/media?parent=1035"}],"curies":[{"name":"wp","href":"https:\/\/api.w.org\/{rel}","templated":true}]}}